CRAN Package Check Results for Package seg

Last updated on 2023-06-03 08:05:56 CEST.

Flavor Version Tinstall Tcheck Ttotal Status Flags
r-devel-linux-x86_64-debian-clang 0.5-7 8.75 54.77 63.52 NOTE
r-devel-linux-x86_64-debian-gcc 0.5-7 6.87 42.15 49.02 NOTE
r-devel-linux-x86_64-fedora-clang 0.5-7 84.23 NOTE
r-devel-linux-x86_64-fedora-gcc 0.5-7 81.67 NOTE
r-devel-windows-x86_64 0.5-7 10.00 68.00 78.00 NOTE
r-patched-linux-x86_64 0.5-7 NOTE
r-release-linux-x86_64 0.5-7 8.77 53.30 62.07 NOTE
r-release-macos-arm64 0.5-7 27.00 NOTE
r-release-macos-x86_64 0.5-7 43.00 NOTE
r-release-windows-x86_64 0.5-7 10.00 75.00 85.00 OK
r-oldrel-macos-arm64 0.5-7 29.00 OK
r-oldrel-macos-x86_64 0.5-7 44.00 OK
r-oldrel-windows-x86_64 0.5-7 13.00 80.00 93.00 OK

Check Details

Version: 0.5-7
Check: package dependencies
Result: NOTE
    Package suggested but not available for checking: ‘spgrass6’
Flavors: r-devel-linux-x86_64-debian-clang, r-devel-linux-x86_64-debian-gcc, r-devel-linux-x86_64-fedora-clang, r-devel-linux-x86_64-fedora-gcc, r-devel-windows-x86_64, r-patched-linux-x86_64, r-release-linux-x86_64, r-release-macos-arm64

Version: 0.5-7
Check: package dependencies
Result: NOTE
    Packages suggested but not available for checking:
     'spdep', 'spgrass6', 'rgdal'
Flavor: r-release-macos-x86_64