CRAN Package Check Results for Package segmenTier

Last updated on 2020-08-12 01:47:13 CEST.

Flavor Version Tinstall Tcheck Ttotal Status Flags
r-devel-linux-x86_64-debian-clang 0.1.2 29.46 84.97 114.43 OK
r-devel-linux-x86_64-debian-gcc 0.1.2 20.36 63.17 83.53 OK
r-devel-linux-x86_64-fedora-clang 0.1.2 151.19 OK
r-devel-linux-x86_64-fedora-gcc 0.1.2 131.97 OK
r-devel-windows-ix86+x86_64 0.1.2 72.00 168.00 240.00 OK
r-patched-linux-x86_64 0.1.2 21.14 79.57 100.71 OK
r-patched-solaris-x86 0.1.2 199.20 NOTE
r-release-linux-x86_64 0.1.2 21.28 79.48 100.76 OK
r-release-macos-x86_64 0.1.2 NOTE
r-release-windows-ix86+x86_64 0.1.2 77.00 121.00 198.00 OK
r-oldrel-macos-x86_64 0.1.2 NOTE
r-oldrel-windows-ix86+x86_64 0.1.2 51.00 155.00 206.00 OK

Check Details

Version: 0.1.2
Check: package dependencies
Result: NOTE
    Packages suggested but not available for checking:
     'flowMerge', 'flowClust', 'flowCore'
Flavors: r-patched-solaris-x86, r-oldrel-macos-x86_64

Version: 0.1.2
Check: Rd cross-references
Result: NOTE
    Packages unavailable to check Rd xrefs: ‘flowClust’, ‘flowMerge’
Flavors: r-patched-solaris-x86, r-release-macos-x86_64, r-oldrel-macos-x86_64

Version: 0.1.2
Check: package dependencies
Result: NOTE
    Packages suggested but not available for checking: 'flowMerge', 'flowClust'
Flavor: r-release-macos-x86_64