CRAN Package Check Results for Package sejmRP

Last updated on 2022-01-16 01:07:14 CET.

Flavor Version Tinstall Tcheck Ttotal Status Flags
r-devel-linux-x86_64-debian-clang 1.3.4 7.87 66.16 74.03 NOTE
r-devel-linux-x86_64-debian-gcc 1.3.4 6.20 50.06 56.26 NOTE
r-devel-linux-x86_64-fedora-clang 1.3.4 87.83 NOTE
r-devel-linux-x86_64-fedora-gcc 1.3.4 74.51 NOTE
r-devel-windows-x86_64-new-UL 1.3.4 40.00 88.00 128.00 NOTE
r-devel-windows-x86_64-new-TK 1.3.4 ERROR
r-patched-linux-x86_64 1.3.4 7.02 61.21 68.23 NOTE
r-release-linux-x86_64 1.3.4 6.70 61.98 68.68 NOTE
r-release-macos-arm64 1.3.4 NOTE
r-release-macos-x86_64 1.3.4 NOTE
r-release-windows-ix86+x86_64 1.3.4 16.00 79.00 95.00 NOTE
r-oldrel-macos-x86_64 1.3.4 NOTE
r-oldrel-windows-ix86+x86_64 1.3.4 20.00 78.00 98.00 OK

Check Details

Version: 1.3.4
Check: LazyData
Result: NOTE
     'LazyData' is specified without a 'data' directory
Flavors: r-devel-linux-x86_64-debian-clang, r-devel-linux-x86_64-debian-gcc, r-devel-linux-x86_64-fedora-clang, r-devel-linux-x86_64-fedora-gcc, r-devel-windows-x86_64-new-UL, r-patched-linux-x86_64, r-release-linux-x86_64, r-release-macos-arm64, r-release-macos-x86_64, r-release-windows-ix86+x86_64

Version: 1.3.4
Check: dependencies in R code
Result: NOTE
    Namespaces in Imports field not imported from:
     ‘cluster’ ‘factoextra’ ‘tidyr’
     All declared Imports should be used.
Flavors: r-devel-linux-x86_64-fedora-clang, r-devel-linux-x86_64-fedora-gcc, r-release-macos-arm64, r-release-macos-x86_64, r-oldrel-macos-x86_64

Version: 1.3.4
Check: package dependencies
Result: ERROR
    Package required but not available: 'factoextra'
    
    See section 'The DESCRIPTION file' in the 'Writing R Extensions'
    manual.
Flavor: r-devel-windows-x86_64-new-TK