CRAN Package Check Results for Package selac

Last updated on 2020-06-04 02:48:14 CEST.

Flavor Version Tinstall Tcheck Ttotal Status Flags
r-devel-linux-x86_64-debian-clang 1.7.0 22.44 124.95 147.39 WARN
r-devel-linux-x86_64-debian-gcc 1.7.0 19.22 95.19 114.41 WARN
r-devel-linux-x86_64-fedora-clang 1.7.0 191.07 WARN
r-devel-linux-x86_64-fedora-gcc 1.7.0 174.21 WARN
r-devel-windows-ix86+x86_64 1.7.0 46.00 169.00 215.00 WARN
r-patched-linux-x86_64 1.7.0 22.55 122.89 145.44 OK
r-patched-solaris-x86 1.7.0 235.60 OK
r-release-linux-x86_64 1.7.0 23.71 123.67 147.38 OK
r-release-osx-x86_64 1.7.0 OK
r-release-windows-ix86+x86_64 1.7.0 35.00 163.00 198.00 OK
r-oldrel-osx-x86_64 1.7.0 OK
r-oldrel-windows-ix86+x86_64 1.7.0 42.00 107.00 149.00 OK

Check Details

Version: 1.7.0
Check: whether the namespace can be loaded with stated dependencies
Result: WARN
    Warning: S4 exports specified in 'NAMESPACE' but not defined in package 'selac'
Flavors: r-devel-linux-x86_64-debian-clang, r-devel-linux-x86_64-debian-gcc, r-devel-linux-x86_64-fedora-clang, r-devel-linux-x86_64-fedora-gcc, r-devel-windows-ix86+x86_64