Last updated on 2023-05-28 07:57:41 CEST.
Flavor | Version | Tinstall | Tcheck | Ttotal | Status | Flags |
---|---|---|---|---|---|---|
r-devel-linux-x86_64-debian-clang | 1.2.5 | 60.98 | 130.26 | 191.24 | OK | |
r-devel-linux-x86_64-debian-gcc | 1.2.5 | 48.27 | 98.65 | 146.92 | OK | |
r-devel-linux-x86_64-fedora-clang | 1.2.5 | 241.08 | OK | |||
r-devel-linux-x86_64-fedora-gcc | 1.2.5 | 226.71 | OK | |||
r-devel-windows-x86_64 | 1.2.5 | 52.00 | 130.00 | 182.00 | OK | |
r-patched-linux-x86_64 | 1.2.5 | 51.86 | 127.32 | 179.18 | OK | |
r-release-linux-x86_64 | 1.2.5 | 52.51 | 124.61 | 177.12 | OK | |
r-release-macos-arm64 | 1.2.5 | 63.00 | OK | |||
r-release-macos-x86_64 | 1.2.5 | 115.00 | NOTE | |||
r-release-windows-x86_64 | 1.2.5 | 66.00 | 163.00 | 229.00 | OK | |
r-oldrel-macos-arm64 | 1.2.5 | 75.00 | OK | |||
r-oldrel-macos-x86_64 | 1.2.5 | 80.00 | OK | |||
r-oldrel-windows-x86_64 | 1.2.5 | 60.00 | 159.00 | 219.00 | OK |
Version: 1.2.5
Check: package dependencies
Result: NOTE
Package suggested but not available for checking: ‘Rmpfr’
Flavor: r-release-macos-x86_64