CRAN Package Check Results for Package selectr

Last updated on 2021-02-27 00:52:14 CET.

Flavor Version Tinstall Tcheck Ttotal Status Flags
r-devel-linux-x86_64-debian-clang 0.4-2 15.25 36.66 51.91 OK
r-devel-linux-x86_64-debian-gcc 0.4-2 10.83 28.24 39.07 OK
r-devel-linux-x86_64-fedora-clang 0.4-2 71.71 OK
r-devel-linux-x86_64-fedora-gcc 0.4-2 59.75 OK
r-devel-windows-ix86+x86_64 0.4-2 16.00 37.00 53.00 OK
r-patched-linux-x86_64 0.4-2 10.56 34.94 45.50 OK
r-patched-solaris-x86 0.4-2 85.30 OK
r-release-linux-x86_64 0.4-2 14.01 35.12 49.13 OK
r-release-macos-x86_64 0.4-2 OK
r-release-windows-ix86+x86_64 0.4-2 17.00 10.00 27.00 ERROR
r-oldrel-macos-x86_64 0.4-2 OK
r-oldrel-windows-ix86+x86_64 0.4-2 13.00 61.00 74.00 OK

Check Details

Version: 0.4-2
Check: whether package can be installed
Result: ERROR
    Installation failed.
Flavor: r-release-windows-ix86+x86_64