Last updated on 2022-06-27 01:50:02 CEST.
Flavor | Version | Tinstall | Tcheck | Ttotal | Status | Flags |
---|---|---|---|---|---|---|
r-devel-linux-x86_64-debian-clang | 0.6.0 | 16.93 | 155.97 | 172.90 | OK | |
r-devel-linux-x86_64-debian-gcc | 0.6.0 | 15.67 | 116.46 | 132.13 | OK | |
r-devel-linux-x86_64-fedora-clang | 0.6.0 | 216.18 | OK | |||
r-devel-linux-x86_64-fedora-gcc | 0.6.0 | 220.75 | OK | |||
r-devel-windows-x86_64 | 0.6.0 | 39.00 | 186.00 | 225.00 | OK | |
r-patched-linux-x86_64 | 0.6.0 | 19.85 | 152.16 | 172.01 | OK | |
r-release-linux-x86_64 | 0.6.0 | 17.84 | 151.66 | 169.50 | OK | |
r-release-macos-arm64 | 0.6.0 | 60.00 | NOTE | |||
r-release-macos-x86_64 | 0.6.0 | 108.00 | OK | |||
r-release-windows-x86_64 | 0.6.0 | 41.00 | 189.00 | 230.00 | OK | |
r-oldrel-macos-arm64 | 0.6.0 | 67.00 | NOTE | |||
r-oldrel-macos-x86_64 | 0.6.0 | 88.00 | OK | |||
r-oldrel-windows-ix86+x86_64 | 0.6.0 | 32.00 | 193.00 | 225.00 | OK |
Version: 0.6.0
Check: installed package size
Result: NOTE
installed size is 5.3Mb
sub-directories of 1Mb or more:
data 2.1Mb
doc 2.9Mb
Flavors: r-release-macos-arm64, r-oldrel-macos-arm64