Last updated on 2023-02-03 00:51:14 CET.
Flavor | Version | Tinstall | Tcheck | Ttotal | Status | Flags |
---|---|---|---|---|---|---|
r-devel-linux-x86_64-debian-clang | 1.8 | 5.98 | 163.04 | 169.02 | NOTE | |
r-devel-linux-x86_64-debian-gcc | 1.8 | 5.02 | 128.45 | 133.47 | NOTE | |
r-devel-linux-x86_64-fedora-clang | 1.8 | 214.82 | NOTE | |||
r-devel-linux-x86_64-fedora-gcc | 1.8 | 217.94 | NOTE | |||
r-patched-linux-x86_64 | 1.8 | 4.16 | 168.42 | 172.58 | NOTE | |
r-release-linux-x86_64 | 1.8 | 4.40 | 167.10 | 171.50 | NOTE | |
r-release-macos-arm64 | 1.8 | 51.00 | NOTE | |||
r-release-macos-x86_64 | 1.8 | 81.00 | NOTE | |||
r-release-windows-x86_64 | 1.8 | 21.00 | 170.00 | 191.00 | NOTE | |
r-oldrel-macos-arm64 | 1.8 | 73.00 | NOTE | |||
r-oldrel-macos-x86_64 | 1.8 | 93.00 | NOTE | |||
r-oldrel-windows-ix86+x86_64 | 1.8 | 14.00 | 153.00 | 167.00 | NOTE |
Version: 1.8
Check: Rd files
Result: NOTE
checkRd: (-1) escape.Rd:28: Escaped LaTeX specials: \$
Flavors: r-devel-linux-x86_64-debian-clang, r-devel-linux-x86_64-debian-gcc, r-devel-linux-x86_64-fedora-clang, r-devel-linux-x86_64-fedora-gcc
Version: 1.8
Check: LazyData
Result: NOTE
'LazyData' is specified without a 'data' directory
Flavors: r-devel-linux-x86_64-debian-clang, r-devel-linux-x86_64-debian-gcc, r-devel-linux-x86_64-fedora-clang, r-devel-linux-x86_64-fedora-gcc, r-patched-linux-x86_64, r-release-linux-x86_64, r-release-macos-arm64, r-release-macos-x86_64, r-release-windows-x86_64, r-oldrel-macos-arm64, r-oldrel-macos-x86_64, r-oldrel-windows-ix86+x86_64