CRAN Package Check Results for Package semdrw

Last updated on 2024-02-22 07:52:23 CET.

Flavor Version Tinstall Tcheck Ttotal Status Flags
r-devel-linux-x86_64-debian-clang 0.1.0 NOTE
r-devel-linux-x86_64-debian-gcc 0.1.0 1.44 15.97 17.41 NOTE
r-devel-linux-x86_64-fedora-clang 0.1.0 28.49 NOTE
r-devel-linux-x86_64-fedora-gcc 0.1.0 28.31 NOTE
r-devel-windows-x86_64 0.1.0 4.00 37.00 41.00 NOTE
r-patched-linux-x86_64 0.1.0 2.31 20.43 22.74 NOTE
r-release-linux-x86_64 0.1.0 2.50 20.14 22.64 NOTE
r-release-macos-arm64 0.1.0 15.00 NOTE
r-release-macos-x86_64 0.1.0 18.00 NOTE
r-release-windows-x86_64 0.1.0 7.00 39.00 46.00 NOTE
r-oldrel-macos-arm64 0.1.0 16.00 NOTE
r-oldrel-windows-x86_64 0.1.0 6.00 42.00 48.00 NOTE

Check Details

Version: 0.1.0
Check: LazyData
Result: NOTE 'LazyData' is specified without a 'data' directory Flavors: r-devel-linux-x86_64-debian-clang, r-devel-linux-x86_64-debian-gcc, r-devel-linux-x86_64-fedora-clang, r-devel-linux-x86_64-fedora-gcc, r-devel-windows-x86_64, r-patched-linux-x86_64, r-release-linux-x86_64, r-release-macos-arm64, r-release-macos-x86_64, r-release-windows-x86_64, r-oldrel-macos-arm64, r-oldrel-windows-x86_64

Version: 0.1.0
Check: dependencies in R code
Result: NOTE Namespaces in Imports field not imported from: ‘dplyr’ ‘lavaan’ ‘psych’ ‘semPlot’ ‘semTools’ ‘shinyAce’ All declared Imports should be used. Flavors: r-devel-linux-x86_64-fedora-clang, r-devel-linux-x86_64-fedora-gcc, r-oldrel-macos-arm64