Last updated on 2023-02-07 00:54:30 CET.
Flavor | Version | Tinstall | Tcheck | Ttotal | Status | Flags |
---|---|---|---|---|---|---|
r-devel-linux-x86_64-debian-clang | 2.3.2 | 8.47 | 161.68 | 170.15 | OK | |
r-devel-linux-x86_64-debian-gcc | 2.3.2 | 7.54 | 117.15 | 124.69 | OK | |
r-devel-linux-x86_64-fedora-clang | 2.3.2 | 205.55 | NOTE | |||
r-devel-linux-x86_64-fedora-gcc | 2.3.2 | 208.75 | NOTE | |||
r-devel-windows-x86_64 | 2.3.2 | 148.00 | 458.00 | 606.00 | OK | |
r-patched-linux-x86_64 | 2.3.2 | 8.32 | 142.64 | 150.96 | OK | |
r-release-linux-x86_64 | 2.3.2 | 5.89 | 149.18 | 155.07 | OK | |
r-release-macos-arm64 | 2.3.2 | 130.00 | NOTE | |||
r-release-macos-x86_64 | 2.3.2 | 177.00 | NOTE | |||
r-release-windows-x86_64 | 2.3.2 | 111.00 | 428.00 | 539.00 | OK | |
r-oldrel-macos-arm64 | 2.3.2 | 132.00 | NOTE | |||
r-oldrel-macos-x86_64 | 2.3.2 | 182.00 | NOTE | |||
r-oldrel-windows-ix86+x86_64 | 2.3.2 | 20.00 | 462.00 | 482.00 | OK |
Version: 2.3.2
Check: dependencies in R code
Result: NOTE
Namespaces in Imports field not imported from:
‘knitr’ ‘rmarkdown’ ‘webp’
All declared Imports should be used.
Flavors: r-devel-linux-x86_64-fedora-clang, r-devel-linux-x86_64-fedora-gcc, r-release-macos-arm64, r-release-macos-x86_64, r-oldrel-macos-arm64, r-oldrel-macos-x86_64