Last updated on 2023-12-04 07:51:20 CET.
Flavor | Version | Tinstall | Tcheck | Ttotal | Status | Flags |
---|---|---|---|---|---|---|
r-devel-linux-x86_64-debian-clang | 0.2.10 | 4.78 | 167.85 | 172.63 | OK | |
r-devel-linux-x86_64-debian-gcc | 0.2.10 | 4.02 | 124.95 | 128.97 | OK | |
r-devel-linux-x86_64-fedora-clang | 0.2.10 | 224.23 | NOTE | |||
r-devel-linux-x86_64-fedora-gcc | 0.2.10 | 229.12 | OK | |||
r-devel-windows-x86_64 | 0.2.10 | 6.00 | 147.00 | 153.00 | OK | |
r-patched-linux-x86_64 | 0.2.10 | 12.98 | 159.89 | 172.87 | OK | |
r-release-linux-x86_64 | 0.2.10 | 3.78 | 162.46 | 166.24 | OK | |
r-release-macos-arm64 | 0.2.10 | 68.00 | OK | |||
r-release-macos-x86_64 | 0.2.10 | 112.00 | OK | |||
r-release-windows-x86_64 | 0.2.10 | 7.00 | 188.00 | 195.00 | OK | |
r-oldrel-macos-arm64 | 0.2.10 | 64.00 | OK | |||
r-oldrel-macos-x86_64 | 0.2.10 | 80.00 | OK | |||
r-oldrel-windows-x86_64 | 0.2.10 | 8.00 | 177.00 | 185.00 | OK |
Version: 0.2.10
Check: Rd cross-references
Result: NOTE
Undeclared package ‘qgraph’ in Rd xrefs
Flavor: r-devel-linux-x86_64-fedora-clang