Last updated on 2021-01-20 00:48:30 CET.
Flavor | Version | Tinstall | Tcheck | Ttotal | Status | Flags |
---|---|---|---|---|---|---|
r-devel-linux-x86_64-debian-clang | 1.24.0 | 127.91 | 155.16 | 283.07 | OK | |
r-devel-linux-x86_64-debian-gcc | 1.24.0 | 78.87 | 112.69 | 191.56 | OK | |
r-devel-linux-x86_64-fedora-clang | 1.24.0 | 371.46 | NOTE | |||
r-devel-linux-x86_64-fedora-gcc | 1.24.0 | 337.08 | OK | |||
r-devel-windows-ix86+x86_64 | 1.24.0 | 187.00 | 211.00 | 398.00 | OK | |
r-patched-linux-x86_64 | 1.24.0 | 93.46 | 138.57 | 232.03 | OK | |
r-patched-solaris-x86 | 1.24.0 | 354.50 | OK | |||
r-release-linux-x86_64 | 1.24.0 | 93.09 | 140.00 | 233.09 | OK | |
r-release-macos-x86_64 | 1.24.0 | OK | ||||
r-release-windows-ix86+x86_64 | 1.24.0 | 261.00 | 239.00 | 500.00 | OK | |
r-oldrel-macos-x86_64 | 1.24.0 | OK | ||||
r-oldrel-windows-ix86+x86_64 | 1.24.0 | 177.00 | 166.00 | 343.00 | OK |
Version: 1.24.0
Check: installed package size
Result: NOTE
installed size is 5.7Mb
sub-directories of 1Mb or more:
R 2.1Mb
libs 3.2Mb
Flavor: r-devel-linux-x86_64-fedora-clang