CRAN Package Check Results for Package sensitivity

Last updated on 2021-06-12 02:49:31 CEST.

Flavor Version Tinstall Tcheck Ttotal Status Flags
r-devel-linux-x86_64-debian-clang 1.25.0 129.54 161.84 291.38 OK
r-devel-linux-x86_64-debian-gcc 1.25.0 80.42 118.91 199.33 OK
r-devel-linux-x86_64-fedora-clang 1.25.0 403.85 NOTE
r-devel-linux-x86_64-fedora-gcc 1.25.0 348.00 OK
r-devel-windows-x86_64 1.25.0 157.00 198.00 355.00 OK
r-devel-windows-x86_64-gcc10-UCRT 1.25.0 OK
r-patched-linux-x86_64 1.25.0 102.23 153.22 255.45 OK
r-patched-solaris-x86 1.25.0 384.30 OK
r-release-linux-x86_64 1.25.0 100.06 151.23 251.29 OK
r-release-macos-arm64 1.25.0 NOTE
r-release-macos-x86_64 1.25.0 OK
r-release-windows-ix86+x86_64 1.25.0 247.00 252.00 499.00 OK
r-oldrel-macos-x86_64 1.25.0 OK
r-oldrel-windows-ix86+x86_64 1.25.0 251.00 251.00 502.00 OK

Check Details

Version: 1.25.0
Check: installed package size
Result: NOTE
     installed size is 5.3Mb
     sub-directories of 1Mb or more:
     R 2.1Mb
     libs 2.7Mb
Flavors: r-devel-linux-x86_64-fedora-clang, r-release-macos-arm64