CRAN Package Check Results for Package seqHMM

Last updated on 2020-08-09 01:48:40 CEST.

Flavor Version Tinstall Tcheck Ttotal Status Flags
r-devel-linux-x86_64-debian-clang 1.0.14 472.77 451.71 924.48 OK
r-devel-linux-x86_64-debian-gcc 1.0.14 348.18 318.87 667.05 OK
r-devel-linux-x86_64-fedora-clang 1.0.14 1212.40 NOTE
r-devel-linux-x86_64-fedora-gcc 1.0.14 1138.97 OK
r-devel-windows-ix86+x86_64 1.0.14 952.00 565.00 1517.00 NOTE
r-patched-linux-x86_64 1.0.14 282.39 425.38 707.77 OK
r-patched-solaris-x86 1.0.14 1113.10 NOTE
r-release-linux-x86_64 1.0.14 306.50 427.41 733.91 OK
r-release-macos-x86_64 1.0.14 NOTE
r-release-windows-ix86+x86_64 1.0.14 1175.00 422.00 1597.00 NOTE
r-oldrel-macos-x86_64 1.0.14 NOTE
r-oldrel-windows-ix86+x86_64 1.0.14 789.00 555.00 1344.00 NOTE

Check Details

Version: 1.0.14
Check: installed package size
Result: NOTE
     installed size is 22.9Mb
     sub-directories of 1Mb or more:
     doc 6.1Mb
     libs 15.9Mb
Flavors: r-devel-linux-x86_64-fedora-clang, r-devel-windows-ix86+x86_64, r-patched-solaris-x86, r-release-macos-x86_64, r-release-windows-ix86+x86_64, r-oldrel-macos-x86_64, r-oldrel-windows-ix86+x86_64