CRAN Package Check Results for Package seqMeta

Last updated on 2020-02-29 01:51:21 CET.

Flavor Version Tinstall Tcheck Ttotal Status Flags
r-devel-linux-x86_64-debian-clang 1.6.7 14.10 228.37 242.47 OK
r-devel-linux-x86_64-debian-gcc 1.6.7 11.07 168.52 179.59 OK
r-devel-linux-x86_64-fedora-clang 1.6.7 298.77 NOTE
r-devel-linux-x86_64-fedora-gcc 1.6.7 279.00 NOTE
r-devel-windows-ix86+x86_64 1.6.7 33.00 328.00 361.00 OK
r-devel-windows-ix86+x86_64-gcc8 1.6.7 25.00 332.00 357.00 OK
r-patched-linux-x86_64 1.6.7 11.01 200.58 211.59 OK
r-patched-solaris-x86 1.6.7 390.80 OK
r-release-linux-x86_64 1.6.7 11.63 199.31 210.94 OK
r-release-windows-ix86+x86_64 1.6.7 25.00 391.00 416.00 OK
r-release-osx-x86_64 1.6.7 OK
r-oldrel-windows-ix86+x86_64 1.6.7 18.00 295.00 313.00 OK
r-oldrel-osx-x86_64 1.6.7 WARN

Check Details

Version: 1.6.7
Check: compiled code
Result: NOTE
    File ‘seqMeta/libs/seqMeta.so’:
     Found no calls to: ‘R_registerRoutines’, ‘R_useDynamicSymbols’
    
    It is good practice to register native routines and to disable symbol
    search.
    
    See ‘Writing portable packages’ in the ‘Writing R Extensions’ manual.
Flavors: r-devel-linux-x86_64-fedora-clang, r-devel-linux-x86_64-fedora-gcc

Version: 1.6.7
Check: examples
Result: WARN
    Found the following significant warnings:
    
     Warning: 'rBind' is deprecated.
    Deprecated functions may be defunct as soon as of the next release of
    R.
    See ?Deprecated.
Flavor: r-oldrel-osx-x86_64