CRAN Package Check Results for Package seqest

Last updated on 2020-09-24 02:57:02 CEST.

Flavor Version Tinstall Tcheck Ttotal Status Flags
r-devel-linux-x86_64-debian-clang 1.0.1 135.35 60.29 195.64 OK
r-devel-linux-x86_64-debian-gcc 1.0.1 99.77 46.20 145.97 OK
r-devel-linux-x86_64-fedora-clang 1.0.1 274.23 NOTE
r-devel-linux-x86_64-fedora-gcc 1.0.1 243.43 OK
r-devel-windows-ix86+x86_64 1.0.1 313.00 92.00 405.00 OK
r-patched-linux-x86_64 1.0.1 103.25 55.97 159.22 OK
r-patched-solaris-x86 1.0.1 222.70 OK
r-release-linux-x86_64 1.0.1 102.64 55.99 158.63 OK
r-release-macos-x86_64 1.0.1 OK
r-release-windows-ix86+x86_64 1.0.1 309.00 117.00 426.00 OK
r-oldrel-macos-x86_64 1.0.1 OK
r-oldrel-windows-ix86+x86_64 1.0.1 202.00 111.00 313.00 OK

Check Details

Version: 1.0.1
Check: installed package size
Result: NOTE
     installed size is 5.6Mb
     sub-directories of 1Mb or more:
     libs 5.4Mb
Flavor: r-devel-linux-x86_64-fedora-clang