Last updated on 2023-11-30 08:50:08 CET.
Flavor | Version | Tinstall | Tcheck | Ttotal | Status | Flags |
---|---|---|---|---|---|---|
r-devel-linux-x86_64-debian-clang | 1.2.3 | 3.21 | 198.44 | 201.65 | NOTE | |
r-devel-linux-x86_64-debian-gcc | 1.2.3 | 3.20 | 146.63 | 149.83 | NOTE | |
r-devel-linux-x86_64-fedora-clang | 1.2.3 | 261.41 | OK | |||
r-devel-linux-x86_64-fedora-gcc | 1.2.3 | 266.15 | OK | |||
r-devel-windows-x86_64 | 1.2.3 | 6.00 | 166.00 | 172.00 | ERROR | |
r-patched-linux-x86_64 | 1.2.3 | 4.31 | 198.03 | 202.34 | OK | |
r-release-linux-x86_64 | 1.2.3 | 2.36 | 196.65 | 199.01 | OK | |
r-release-macos-arm64 | 1.2.3 | 57.00 | NOTE | |||
r-release-macos-x86_64 | 1.2.3 | 94.00 | NOTE | |||
r-release-windows-x86_64 | 1.2.3 | 7.00 | 212.00 | 219.00 | OK | |
r-oldrel-macos-arm64 | 1.2.3 | 69.00 | OK | |||
r-oldrel-macos-x86_64 | 1.2.3 | 73.00 | NOTE | |||
r-oldrel-windows-x86_64 | 1.2.3 | 6.00 | 195.00 | 201.00 | OK |
Version: 1.2.3
Check: Rd files
Result: NOTE
checkRd: (-1) poisthin.Rd:82-83: Lost braces in \itemize; \value handles \item{}{} directly
checkRd: (-1) poisthin.Rd:84-85: Lost braces in \itemize; \value handles \item{}{} directly
checkRd: (-1) poisthin.Rd:86: Lost braces in \itemize; \value handles \item{}{} directly
checkRd: (-1) poisthin.Rd:87-88: Lost braces in \itemize; \value handles \item{}{} directly
Flavors: r-devel-linux-x86_64-debian-clang, r-devel-linux-x86_64-debian-gcc
Version: 1.2.3
Check: tests
Result: ERROR
Running 'testthat.R' [33s]
Running the tests in 'tests/testthat.R' failed.
Complete output:
> library(testthat)
> library(seqgendiff)
>
> test_check("seqgendiff")
[ FAIL 1 | WARN 0 | SKIP 0 | PASS 63 ]
══ Failed tests ════════════════════════════════════════════════════════════════
── Error ('test_theo.R:25:3'): seqgen_base works ───────────────────────────────
Error in `FUN(newX[, i], ...)`: is.atomic(y) is not TRUE
Backtrace:
▆
1. └─base::apply(temp, 1, var) at test_theo.R:25:3
2. ├─BiocGenerics (local) FUN(newX[, i], ...)
3. └─stats (local) FUN(newX[, i], ...)
4. └─base::stopifnot(is.atomic(y))
[ FAIL 1 | WARN 0 | SKIP 0 | PASS 63 ]
Error: Test failures
Execution halted
Flavor: r-devel-windows-x86_64
Version: 1.2.3
Check: package dependencies
Result: NOTE
Package suggested but not available for checking: ‘airway’
Flavors: r-release-macos-arm64, r-release-macos-x86_64, r-oldrel-macos-x86_64