CRAN Package Check Results for Package seqinr

Last updated on 2020-06-02 01:55:43 CEST.

Flavor Version Tinstall Tcheck Ttotal Status Flags
r-devel-linux-x86_64-debian-clang 3.6-1 14.29 89.60 103.89 OK
r-devel-linux-x86_64-debian-gcc 3.6-1 12.79 85.43 98.22 OK
r-devel-linux-x86_64-fedora-clang 3.6-1 167.68 NOTE
r-devel-linux-x86_64-fedora-gcc 3.6-1 152.10 OK
r-devel-windows-ix86+x86_64 3.6-1 38.00 196.00 234.00 NOTE
r-patched-linux-x86_64 3.6-1 14.21 112.40 126.61 OK
r-patched-solaris-x86 3.6-1 211.50 NOTE
r-release-linux-x86_64 3.6-1 13.10 81.33 94.43 OK
r-release-osx-x86_64 3.6-1 NOTE
r-release-windows-ix86+x86_64 3.6-1 30.00 247.00 277.00 NOTE
r-oldrel-osx-x86_64 3.6-1 NOTE
r-oldrel-windows-ix86+x86_64 3.6-1 43.00 173.00 216.00 NOTE

Check Details

Version: 3.6-1
Check: installed package size
Result: NOTE
     installed size is 5.5Mb
     sub-directories of 1Mb or more:
     data 1.4Mb
     sequences 1.9Mb
Flavors: r-devel-linux-x86_64-fedora-clang, r-devel-windows-ix86+x86_64, r-patched-solaris-x86, r-release-osx-x86_64, r-release-windows-ix86+x86_64, r-oldrel-osx-x86_64, r-oldrel-windows-ix86+x86_64