Last updated on 2023-11-30 08:50:08 CET.
Flavor | Version | Tinstall | Tcheck | Ttotal | Status | Flags |
---|---|---|---|---|---|---|
r-devel-linux-x86_64-debian-clang | 0.1.6 | 16.38 | 152.36 | 168.74 | OK | |
r-devel-linux-x86_64-debian-gcc | 0.1.6 | 12.52 | 113.51 | 126.03 | OK | |
r-devel-linux-x86_64-fedora-clang | 0.1.6 | 214.48 | OK | |||
r-devel-linux-x86_64-fedora-gcc | 0.1.6 | 209.07 | OK | |||
r-devel-windows-x86_64 | 0.1.6 | 11.00 | 122.00 | 133.00 | OK | |
r-patched-linux-x86_64 | 0.1.6 | 13.15 | 146.05 | 159.20 | OK | |
r-release-linux-x86_64 | 0.1.6 | 13.49 | 144.11 | 157.60 | OK | |
r-release-macos-arm64 | 0.1.6 | 65.00 | OK | |||
r-release-macos-x86_64 | 0.1.6 | 173.00 | OK | |||
r-release-windows-x86_64 | 0.1.6 | 13.00 | 149.00 | 162.00 | OK | |
r-oldrel-macos-arm64 | 0.1.6 | 61.00 | OK | |||
r-oldrel-macos-x86_64 | 0.1.6 | 82.00 | NOTE | |||
r-oldrel-windows-x86_64 | 0.1.6 | 18.00 | 150.00 | 168.00 | OK |
Version: 0.1.6
Check: package dependencies
Result: NOTE
Package suggested but not available for checking: ‘muscle’
Flavor: r-oldrel-macos-x86_64