CRAN Package Check Results for Package sergeant

Last updated on 2020-06-04 02:48:14 CEST.

Flavor Version Tinstall Tcheck Ttotal Status Flags
r-devel-linux-x86_64-debian-clang 0.9.0 7.91 62.95 70.86 OK
r-devel-linux-x86_64-debian-gcc 0.9.0 6.81 47.38 54.19 OK
r-devel-linux-x86_64-fedora-clang 0.9.0 91.31 NOTE
r-devel-linux-x86_64-fedora-gcc 0.9.0 83.02 NOTE
r-devel-windows-ix86+x86_64 0.5.2 36.00 106.00 142.00 WARN
r-patched-linux-x86_64 0.9.0 8.28 61.01 69.29 OK
r-patched-solaris-x86 0.9.0 118.10 NOTE
r-release-linux-x86_64 0.9.0 7.14 60.64 67.78 OK
r-release-osx-x86_64 0.5.2 OK
r-release-windows-ix86+x86_64 0.9.0 18.00 78.00 96.00 OK
r-oldrel-osx-x86_64 0.9.0 NOTE
r-oldrel-windows-ix86+x86_64 0.9.0 20.00 112.00 132.00 OK

Check Details

Version: 0.9.0
Check: dependencies in R code
Result: NOTE
    Namespace in Imports field not imported from: ‘magrittr’
     All declared Imports should be used.
Flavors: r-devel-linux-x86_64-fedora-clang, r-devel-linux-x86_64-fedora-gcc, r-patched-solaris-x86, r-oldrel-osx-x86_64

Version: 0.5.2
Check: S3 generic/method consistency
Result: WARN
    src_tbls:
     function(x, ...)
    src_tbls.src_drill:
     function(x)
    
    See section 'Generic functions and methods' in the 'Writing R
    Extensions' manual.
Flavor: r-devel-windows-ix86+x86_64