CRAN Package Check Results for Package serrsBayes

Last updated on 2021-12-06 00:48:42 CET.

Flavor Version Tinstall Tcheck Ttotal Status Flags
r-devel-linux-x86_64-debian-clang 0.5-0 71.80 553.12 624.92 OK
r-devel-linux-x86_64-debian-gcc 0.5-0 56.34 447.81 504.15 OK
r-devel-linux-x86_64-fedora-clang 0.5-0 778.45 NOTE
r-devel-linux-x86_64-fedora-gcc 0.5-0 779.81 OK
r-devel-windows-x86_64-new-UL 0.5-0 87.00 509.00 596.00 OK
r-devel-windows-x86_64-new-TK 0.5-0 OK
r-devel-windows-x86_64-old 0.5-0 87.00 407.00 494.00 OK
r-patched-linux-x86_64 0.5-0 66.68 542.75 609.43 OK
r-release-linux-x86_64 0.5-0 67.15 554.48 621.63 OK
r-release-macos-arm64 0.5-0 NOTE
r-release-macos-x86_64 0.5-0 NOTE
r-release-windows-ix86+x86_64 0.5-0 159.00 739.00 898.00 OK
r-oldrel-macos-x86_64 0.5-0 NOTE
r-oldrel-windows-ix86+x86_64 0.5-0 161.00 504.00 665.00 OK

Check Details

Version: 0.5-0
Check: installed package size
Result: NOTE
     installed size is 15.4Mb
     sub-directories of 1Mb or more:
     libs 14.1Mb
Flavors: r-devel-linux-x86_64-fedora-clang, r-release-macos-arm64, r-release-macos-x86_64, r-oldrel-macos-x86_64