CRAN Package Check Results for Package set

Last updated on 2022-01-16 01:07:14 CET.

Flavor Version Tinstall Tcheck Ttotal Status Flags
r-devel-linux-x86_64-debian-clang 1.2 1.99 30.23 32.22 NOTE
r-devel-linux-x86_64-debian-gcc 1.2 1.98 23.72 25.70 NOTE
r-devel-linux-x86_64-fedora-clang 1.2 41.08 NOTE
r-devel-linux-x86_64-fedora-gcc 1.2 30.00 NOTE
r-devel-windows-x86_64-new-UL 1.2 9.00 50.00 59.00 NOTE
r-devel-windows-x86_64-new-TK 1.2 NOTE
r-patched-linux-x86_64 1.2 2.17 29.54 31.71 NOTE
r-release-linux-x86_64 1.2 2.02 28.97 30.99 NOTE
r-release-macos-arm64 1.2 NOTE
r-release-macos-x86_64 1.2 NOTE
r-release-windows-ix86+x86_64 1.2 6.00 38.00 44.00 NOTE
r-oldrel-macos-x86_64 1.2 OK
r-oldrel-windows-ix86+x86_64 1.2 7.00 38.00 45.00 OK

Check Details

Version: 1.2
Check: LazyData
Result: NOTE
     'LazyData' is specified without a 'data' directory
Flavors: r-devel-linux-x86_64-debian-clang, r-devel-linux-x86_64-debian-gcc, r-devel-linux-x86_64-fedora-clang, r-devel-linux-x86_64-fedora-gcc, r-devel-windows-x86_64-new-UL, r-devel-windows-x86_64-new-TK, r-patched-linux-x86_64, r-release-linux-x86_64, r-release-macos-arm64, r-release-macos-x86_64, r-release-windows-ix86+x86_64