CRAN Package Check Results for Package sf

Last updated on 2020-02-27 00:52:42 CET.

Flavor Version Tinstall Tcheck Ttotal Status Flags
r-devel-linux-x86_64-debian-clang 0.8-1 197.11 249.98 447.09 ERROR
r-devel-linux-x86_64-debian-gcc 0.8-1 OK
r-devel-linux-x86_64-fedora-clang 0.8-1 612.28 NOTE
r-devel-linux-x86_64-fedora-gcc 0.8-1 558.57 OK
r-devel-windows-ix86+x86_64 0.8-1 397.00 691.00 1088.00 NOTE
r-devel-windows-ix86+x86_64-gcc8 0.8-1 411.00 694.00 1105.00 NOTE
r-patched-linux-x86_64 0.8-1 152.73 223.07 375.80 OK
r-patched-solaris-x86 0.8-1 549.70 WARN
r-release-linux-x86_64 0.8-1 149.54 224.76 374.30 OK
r-release-windows-ix86+x86_64 0.8-1 408.00 616.00 1024.00 NOTE
r-release-osx-x86_64 0.8-1 WARN
r-oldrel-windows-ix86+x86_64 0.8-1 390.00 638.00 1028.00 NOTE
r-oldrel-osx-x86_64 0.8-1 WARN

Additional issues

valgrind

Check Details

Version: 0.8-1
Check: tests
Result: ERROR
     Running 'aggregate.R' [1s/2s]
     Comparing 'aggregate.Rout' to 'aggregate.Rout.save' ...4c4
    < Linking to GEOS 3.8.0, GDAL 3.0.4, PROJ 6.3.1
    ---
    > Linking to GEOS 3.7.1, GDAL 2.4.2, PROJ 5.2.0
     Running 'cast.R' [1s/2s]
     Comparing 'cast.Rout' to 'cast.Rout.save' ... OK
     Running 'crs.R' [2s/2s]
     Comparing 'crs.Rout' to 'crs.Rout.save' ...8c8
    < GDAL Error 1: PROJ: proj_create_from_database: crs not found
    ---
    > GDAL Error 6: EPSG PCS/GCS code -1 not found in EPSG support files. Is this a valid EPSG coordinate system?
    13c13
    < GDAL Error 1: PROJ: proj_create_from_database: crs not found
    ---
    > GDAL Error 6: EPSG PCS/GCS code 999999 not found in EPSG support files. Is this a valid EPSG coordinate system?
    15,16c15
    < proj_create: unrecognized format / unknown name
    < Error : invalid crs: error, reason: generic error of unknown origin
    ---
    > Error : invalid crs: error, reason: no arguments in initialization list
    21c20
    < proj4string: "+proj=sterea +lat_0=52.1561605555556 +lon_0=5.38763888888889 +k=0.9999079 +x_0=155000 +y_0=463000 +ellps=bessel +towgs84=565.4171,50.3319,465.5524,-0.398957388243134,0.343987817378283,-1.87740163998045,4.0725 +units=m +no_defs"
    ---
    > proj4string: "+proj=sterea +lat_0=52.15616055555555 +lon_0=5.38763888888889 +k=0.9999079 +x_0=155000 +y_0=463000 +ellps=bessel +towgs84=565.4171,50.3319,465.5524,-0.398957388243134,0.343987817378283,-1.87740163998045,4.0725 +units=m +no_defs"
    25c24
    < proj4string: "+proj=merc +a=6378137 +b=6378137 +lat_ts=0 +lon_0=0 +x_0=0 +y_0=0 +k=1 +units=m [email protected] +wktext +no_defs"
    ---
    > proj4string: "+proj=merc +a=6378137 +b=6378137 +lat_ts=0.0 +lon_0=0.0 +x_0=0.0 +y_0=0 +k=1.0 +units=m [email protected]l +wktext +no_defs"
    40c39
    < proj4string: "+proj=laea +lat_0=0 +lon_0=0 +x_0=0 +y_0=0 +datum=WGS84 +units=m +no_defs"
    ---
    > proj4string: "+proj=laea +lat_0=0 +lon_0=0 +x_0=0 +y_0=0 +ellps=WGS84 +units=m +no_defs"
    63c62
    < [1] "GEOGCS[\"unknown\",\n DATUM[\"WGS_1984\",\n SPHEROID[\"WGS 84\",6378137,298.257223563,\n AUTHORITY[\"EPSG\",\"7030\"]],\n AUTHORITY[\"EPSG\",\"6326\"]],\n PRIMEM[\"Greenwich\",0,\n AUTHORITY[\"EPSG\",\"8901\"]],\n UNIT[\"degree\",0.0174532925199433,\n AUTHORITY[\"EPSG\",\"9122\"]],\n AXIS[\"Longitude\",EAST],\n AXIS[\"Latitude\",NORTH]]"
    ---
    > [1] "GEOGCS[\"WGS 84\",\n DATUM[\"WGS_1984\",\n SPHEROID[\"WGS 84\",6378137,298.257223563,\n AUTHORITY[\"EPSG\",\"7030\"]],\n AUTHORITY[\"EPSG\",\"6326\"]],\n PRIMEM[\"Greenwich\",0,\n AUTHORITY[\"EPSG\",\"8901\"]],\n UNIT[\"degree\",0.0174532925199433,\n AUTHORITY[\"EPSG\",\"9122\"]],\n AUTHORITY[\"EPSG\",\"4326\"]]"
    66c65
    < [1] "GEOGCS[\"unknown\",DATUM[\"WGS_1984\",SPHEROID[\"WGS 84\",6378137,298.257223563,AUTHORITY[\"EPSG\",\"7030\"]],AUTHORITY[\"EPSG\",\"6326\"]],PRIMEM[\"Greenwich\",0,AUTHORITY[\"EPSG\",\"8901\"]],UNIT[\"degree\",0.0174532925199433,AUTHORITY[\"EPSG\",\"9122\"]],AXIS[\"Longitude\",EAST],AXIS[\"Latitude\",NORTH]]"
    ---
    > [1] "GEOGCS[\"WGS 84\",DATUM[\"WGS_1984\",SPHEROID[\"WGS 84\",6378137,298.257223563,AUTHORITY[\"EPSG\",\"7030\"]],AUTHORITY[\"EPSG\",\"6326\"]],PRIMEM[\"Greenwich\",0,AUTHORITY[\"EPSG\",\"8901\"]],UNIT[\"degree\",0.0174532925199433,AUTHORITY[\"EPSG\",\"9122\"]],AUTHORITY[\"EPSG\",\"4326\"]]"
    69c68
    < 1 [arc_degree]
    ---
    > 1 [°]
    82,87d80
    < > suppressWarnings(
    < + sf_project("+proj=longlat", "+proj=lcc +lat_1=30 +lat_2=60", cbind(c(0,0),c(-80,-90)), keep = TRUE)
    < + )
    < [,1] [,2]
    < [1,] 0 -53554590
    < [2,] Inf Inf
    94c87
    < proj4string: +proj=merc +a=6378137 +b=6378137 +lat_ts=0 +lon_0=0 +x_0=0 +y_0=0 +k=1 +units=m [email protected] +wktext +no_defs
    ---
    > proj4string: +proj=merc +a=6378137 +b=6378137 +lat_ts=0.0 +lon_0=0.0 +x_0=0.0 +y_0=0 +k=1.0 +units=m [email protected] +wktext +no_defs
    97c90
    < > if (Sys.getenv("USER") %in% c("edzer", "travis")) { # causes memory leaks:
    ---
    > > if (Sys.getenv("USER") %in% c("edzer", "travis")) { # memory leaks:
    100a94,97
    > Error in CPL_proj_direct(as.character(c(from[1], to[1])), as.matrix(pts)) :
    > unknown projection id
    > Error in CPL_proj_direct(as.character(c(from[1], to[1])), as.matrix(pts)) :
    > unknown projection id
    108,110d104
    < Warning message:
    < In CPL_have_datum_files(0) :
    < CPL_have_datum not yet implemented for PROJ6 proj.h interface
    124,125d117
    < >
    < >
     Running 'dist.R' [2s/3s]
     Comparing 'dist.Rout' to 'dist.Rout.save' ...81,82c81,82
    < MULTIPOINT ((0 0.5))
    < MULTIPOINT ((0.5 0), (1.5 0), (2.5 0), (3.5 0),...
    ---
    > MULTIPOINT (0 0.5)
    > MULTIPOINT (0.5 0, 1.5 0, 2.5 0, 3.5 0, 4.5 0, ...
    99,101c99,101
    < proj4string: +proj=merc +a=6378137 +b=6378137 +lat_ts=0 +lon_0=0 +x_0=0 +y_0=0 +k=1 +units=m [email protected] +wktext +no_defs
    < MULTIPOINT ((0 501.4646), (0 1504.394), (0 2507...
    < MULTIPOINT ((505.9977 0), (1517.993 0), (2529.9...
    ---
    > proj4string: +proj=merc +a=6378137 +b=6378137 +lat_ts=0.0 +lon_0=0.0 +x_0=0.0 +y_0=0 +k=1.0 +units=m [email protected] +wktext +no_defs
    > MULTIPOINT (0 501.4646, 0 1504.394, 0 2507.323,...
    > MULTIPOINT (505.9977 0, 1517.993 0, 2529.988 0,...
     Running 'dplyr.R' [5s/7s]
     Comparing 'dplyr.Rout' to 'dplyr.Rout.save' ...75,79c75,79
    < * <fct> <dbl> <MULTIPOLYGON [arc_degree]>
    < 1 (0,0.1] 0.0760 (((-77.96073 34.18924, -77.96587 34.24229, -77.97528 ~
    < 2 (0.1,0.12] 0.112 (((-84.29104 35.21054, -84.22594 35.2616, -84.17973 3~
    < 3 (0.12,0.1~ 0.134 (((-76.54427 34.58783, -76.55515 34.61066, -76.53775 ~
    < 4 (0.15,0.2~ 0.190 (((-78.02592 34.32877, -78.01131 34.31261, -78.00702 ~
    ---
    > * <fct> <dbl> <MULTIPOLYGON [°]>
    > 1 (0,0.1] 0.0760 (((-77.96073 34.18924, -77.96587 34.24229, -77.97528 â<c2><80>Š
    > 2 (0.1,0.12] 0.112 (((-84.29104 35.21054, -84.22594 35.2616, -84.17973 3â<c2><80>Š
    > 3 (0.12,0.1â<c2><80>Š 0.134 (((-76.54427 34.58783, -76.55515 34.61066, -76.53775 â<c2><80>Š
    > 4 (0.15,0.2â<c2><80>Š 0.190 (((-76.64705 34.90633, -76.62562 34.89065, -76.75021 â<c2><80>Š
    151c151
    < proj4string: +proj=merc +a=6378137 +b=6378137 +lat_ts=0 +lon_0=0 +x_0=0 +y_0=0 +k=1 +units=m [email protected] +wktext +no_defs
    ---
    > proj4string: +proj=merc +a=6378137 +b=6378137 +lat_ts=0.0 +lon_0=0.0 +x_0=0.0 +y_0=0 +k=1.0 +units=m [email protected] +wktext +no_defs
    176c176
    < proj4string: +proj=lcc +lat_0=33.75 +lon_0=-79 +lat_1=36.1666666666667 +lat_2=34.3333333333333 +x_0=609601.22 +y_0=0 +datum=NAD83 +units=m +no_defs
    ---
    > proj4string: +proj=lcc +lat_1=36.16666666666666 +lat_2=34.33333333333334 +lat_0=33.75 +lon_0=-79 +x_0=609601.22 +y_0=0 +ellps=GRS80 +towgs84=0,0,0,0,0,0,0 +units=m +no_defs
    178c178
    < 1 2.593234e-06 [person/m^2] MULTIPOLYGON (((705429.2 49...
    ---
    > 1 2.593234e-06 [person/m^2] MULTIPOLYGON (((834893.7 95...
    185c185
    < proj4string: +proj=lcc +lat_0=33.75 +lon_0=-79 +lat_1=36.1666666666667 +lat_2=34.3333333333333 +x_0=609601.22 +y_0=0 +datum=NAD83 +units=m +no_defs
    ---
    > proj4string: +proj=lcc +lat_1=36.16666666666666 +lat_2=34.33333333333334 +lat_0=33.75 +lon_0=-79 +x_0=609601.22 +y_0=0 +ellps=GRS80 +towgs84=0,0,0,0,0,0,0 +units=m +no_defs
    189c189
    < 1 2.589362e-06 (((724644.4 62316.58, 714305.9 49733.25, 711692 35996.55, 70~
    ---
    > 1 2.589362e-06 (((834893.7 95747.49, 833834.2 98254.6, 835420.2 98655.72, 8â<c2><80>Š
    198c198
    < proj4string: +proj=lcc +lat_0=33.75 +lon_0=-79 +lat_1=36.1666666666667 +lat_2=34.3333333333333 +x_0=609601.22 +y_0=0 +datum=NAD83 +units=m +no_defs
    ---
    > proj4string: +proj=lcc +lat_1=36.16666666666666 +lat_2=34.33333333333334 +lat_0=33.75 +lon_0=-79 +x_0=609601.22 +y_0=0 +ellps=GRS80 +towgs84=0,0,0,0,0,0,0 +units=m +no_defs
    200c200
    < 1 329962 [person] MULTIPOLYGON (((705429.2 49...
    ---
    > 1 329962 [person] MULTIPOLYGON (((834893.7 95...
    207c207
    < proj4string: +proj=lcc +lat_0=33.75 +lon_0=-79 +lat_1=36.1666666666667 +lat_2=34.3333333333333 +x_0=609601.22 +y_0=0 +datum=NAD83 +units=m +no_defs
    ---
    > proj4string: +proj=lcc +lat_1=36.16666666666666 +lat_2=34.33333333333334 +lat_0=33.75 +lon_0=-79 +x_0=609601.22 +y_0=0 +ellps=GRS80 +towgs84=0,0,0,0,0,0,0 +units=m +no_defs
    209c209
    < `sum(A * new_dens~ geometry
    ---
    > `sum(A * new_densâ<c2><80>Š geometry
    211c211
    < 1 329962 (((724644.4 62316.58, 714305.9 49733.25, 711692 35996.55, ~
    ---
    > 1 329962 (((834893.7 95747.49, 833834.2 98254.6, 835420.2 98655.72,â<c2><80>Š
    262c262
    < There were 16 warnings (use warnings() to see them)
    ---
    > There were 12 warnings (use warnings() to see them)
     Running 'empty.R' [1s/1s]
     Comparing 'empty.Rout' to 'empty.Rout.save' ...284c284
    < proj4string: +proj=lcc +lat_1=12 +lat_0=12 +lon_0=80 +k_0=0.99878641 +x_0=2743195.5 +y_0=914398.5 +a=6377299.151 +b=6356098.14512013 +towgs84=295,736,257,0,0,0,0 +units=m +no_defs
    ---
    > proj4string: +proj=lcc +lat_1=12 +lat_0=12 +lon_0=80 +k_0=0.99878641 +x_0=2743195.5 +y_0=914398.5 +a=6377299.151 +b=6356098.145120132 +towgs84=295,736,257,0,0,0,0 +units=m +no_defs
     Running 'gdal_geom.R' [2s/3s]
     Comparing 'gdal_geom.Rout' to 'gdal_geom.Rout.save' ...108c108
    < GDAL has 89 drivers
    ---
    > GDAL has 88 drivers
    242d241
    < z_range: zmin: 0 zmax: 0
    244c243
    < proj4string: +proj=geocent +datum=WGS84 +units=m +no_defs
    ---
    > proj4string: +proj=geocent +ellps=WGS84 +units=m +no_defs
    249c248
    < [1,] 1760244967 0.114
    ---
    > [1,] 1760244757 0.114
    282c281
    < Error : cannot convert km into arc_degree
    ---
    > Error : cannot convert km into °
    307c306
    < proj4string: +proj=merc +a=6378137 +b=6378137 +lat_ts=0 +lon_0=0 +x_0=0 +y_0=0 +k=1 +units=m [email protected] +wktext +no_defs
    ---
    > proj4string: +proj=merc +a=6378137 +b=6378137 +lat_ts=0.0 +lon_0=0.0 +x_0=0.0 +y_0=0 +k=1.0 +units=m [email protected] +wktext +no_defs
     Running 'geos.R' [10s/12s]
     Comparing 'geos.Rout' to 'geos.Rout.save' ... OK
     Running 'graticule.R' [4s/5s]
     Comparing 'graticule.Rout' to 'graticule.Rout.save' ... OK
     Running 'grid.R' [2s/2s]
     Comparing 'grid.Rout' to 'grid.Rout.save' ... OK
     Running 'maps.R' [4s/4s]
     Comparing 'maps.Rout' to 'maps.Rout.save' ... OK
     Running 'plot.R' [11s/12s]
     Comparing 'plot.Rout' to 'plot.Rout.save' ... OK
     Running 'read.R' [3s/4s]
     Comparing 'read.Rout' to 'read.Rout.save' ...39c39,40
    < [1] "1028678842"
    ---
    > [1] 1028678842
    > Levels: 1028678842
    329c330
    < Reading layer `Parcely' from data source `/home/hornik/tmp/R.check/r-devel-clang/Work/build/Packages/sf/gml/20170930_OB_530964_UKSH.xml.gz' using driver `GML'
    ---
    > Reading layer `Parcely' from data source `/home/edzer/git/sf.Rcheck/sf/gml/20170930_OB_530964_UKSH.xml.gz' using driver `GML'
    339c340
    < proj4string: +proj=krovak +lat_0=49.5 +lon_0=24.8333333333333 +alpha=30.2881397527778 +k=0.9999 +x_0=0 +y_0=0 +ellps=bessel +towgs84=589,76,480,0,0,0,0 +units=m +no_defs
    ---
    > proj4string: +proj=krovak +lat_0=49.5 +lon_0=24.83333333333333 +alpha=30.28813972222222 +k=0.9999 +x_0=0 +y_0=0 +ellps=bessel +towgs84=589,76,480,0,0,0,0 +units=m +no_defs
    346,347c347,348
    < proj4string: +proj=krovak +lat_0=49.5 +lon_0=24.8333333333333 +alpha=30.2881397527778 +k=0.9999 +x_0=0 +y_0=0 +ellps=bessel +towgs84=589,76,480,0,0,0,0 +units=m +no_defs
    < Reading layer `Parcely' from data source `/home/hornik/tmp/R.check/r-devel-clang/Work/build/Packages/sf/gml/20170930_OB_530964_UKSH.xml.gz' using driver `GML'
    ---
    > proj4string: +proj=krovak +lat_0=49.5 +lon_0=24.83333333333333 +alpha=30.28813972222222 +k=0.9999 +x_0=0 +y_0=0 +ellps=bessel +towgs84=589,76,480,0,0,0,0 +units=m +no_defs
    > Reading layer `Parcely' from data source `/home/edzer/git/sf.Rcheck/sf/gml/20170930_OB_530964_UKSH.xml.gz' using driver `GML'
    357c358
    < proj4string: +proj=krovak +lat_0=49.5 +lon_0=24.8333333333333 +alpha=30.2881397527778 +k=0.9999 +x_0=0 +y_0=0 +ellps=bessel +towgs84=589,76,480,0,0,0,0 +units=m +no_defs
    ---
    > proj4string: +proj=krovak +lat_0=49.5 +lon_0=24.83333333333333 +alpha=30.28813972222222 +k=0.9999 +x_0=0 +y_0=0 +ellps=bessel +towgs84=589,76,480,0,0,0,0 +units=m +no_defs
    364c365
    < proj4string: +proj=krovak +lat_0=49.5 +lon_0=24.8333333333333 +alpha=30.2881397527778 +k=0.9999 +x_0=0 +y_0=0 +ellps=bessel +towgs84=589,76,480,0,0,0,0 +units=m +no_defs
    ---
    > proj4string: +proj=krovak +lat_0=49.5 +lon_0=24.83333333333333 +alpha=30.28813972222222 +k=0.9999 +x_0=0 +y_0=0 +ellps=bessel +towgs84=589,76,480,0,0,0,0 +units=m +no_defs
    377c378
    < Reading layer `tst__' from data source `/home/hornik/tmp/R.check/r-devel-clang/Work/PKGS/sf.Rcheck/tests/tst__.gpkg' using driver `GPKG'
    ---
    > Reading layer `tst__' from data source `/home/edzer/git/sf.Rcheck/tests/tst__.gpkg' using driver `GPKG'
     Running 'roundtrip.R' [9s/10s]
     Comparing 'roundtrip.Rout' to 'roundtrip.Rout.save' ...100,102d99
    < Warning message:
    < In make_crs(value) :
    < the following proj4string elements are going to be ignored: +proj=sterea +lat_0=52.1561605555556 +lon_0=5.38763888888889 +k=0.9999079 +x_0=155000 +y_0=463000 +ellps=bessel +units=m +no_defs ; remove the +init=epsg:XXXX to undo this
     Running 'sample.R' [1s/2s]
     Comparing 'sample.Rout' to 'sample.Rout.save' ... OK
     Running 'sfc.R' [8s/10s]
     Comparing 'sfc.Rout' to 'sfc.Rout.save' ...198c198
    < proj4string: +proj=merc +a=6378137 +b=6378137 +lat_ts=0 +lon_0=0 +x_0=0 +y_0=0 +k=1 +units=m [email protected] +wktext +no_defs
    ---
    > proj4string: +proj=merc +a=6378137 +b=6378137 +lat_ts=0.0 +lon_0=0.0 +x_0=0.0 +y_0=0 +k=1.0 +units=m [email protected] +wktext +no_defs
    206c206
    < MULTIPOINT ((0 1))
    ---
    > MULTIPOINT (0 1)
    213c213
    < MULTIPOINT ((0 1), (2 2))
    ---
    > MULTIPOINT (0 1, 2 2)
    221c221
    < MULTIPOINT ((0 1), (2 2))
    ---
    > MULTIPOINT (0 1, 2 2)
    223c223
    < MULTIPOINT ((0 1))
    ---
    > MULTIPOINT (0 1)
    290,291c290,291
    < MULTIPOINT ((0 1))
    < MULTIPOINT ((0 1))
    ---
    > MULTIPOINT (0 1)
    > MULTIPOINT (0 1)
    344c344
    < MULTIPOINT ((0 1))
    ---
    > MULTIPOINT (0 1)
    380c380
    < bbox: xmin: -10018760 ymin: 4163893 xmax: -8905533 ymax: 4300640
    ---
    > bbox: xmin: -10018760 ymin: 4163894 xmax: -8905533 ymax: 4300640
    382,383c382,383
    < proj4string: +proj=merc +a=6378137 +b=6378137 +lat_ts=0 +lon_0=0 +x_0=0 +y_0=0 +k=1 +units=m [email protected] +wktext +no_defs
    < POINT (-10018764 4163893)
    ---
    > proj4string: +proj=merc +a=6378137 +b=6378137 +lat_ts=0.0 +lon_0=0.0 +x_0=0.0 +y_0=0 +k=1.0 +units=m [email protected] +wktext +no_defs
    > POINT (-10018764 4163894)
    388c388
    < "3.8.0" "3.0.4" "6.3.1"
    ---
    > "3.7.1" "2.4.2" "5.2.0"
    468,469c468,469
    < $ NAME : chr "Ashe" "Alleghany" "Surry" "Currituck" ...
    < $ FIPS : chr "37009" "37005" "37171" "37053" ...
    ---
    > $ NAME : Factor w/ 100 levels "Alamance","Alexander",..: 5 3 86 27 66 46 15 37 93 85 ...
    > $ FIPS : Factor w/ 100 levels "37001","37003",..: 5 3 86 27 66 46 15 37 93 85 ...
    510c510
    < proj4string: +proj=longlat +datum=NAD27 +no_defs
    ---
    > proj4string: +proj=longlat +ellps=clrk66 [email protected],@alaska,@ntv2_0.gsb,@ntv1_can.dat +no_defs
    705c705
    < Reading layer `nc' from data source `/home/hornik/tmp/R.check/r-devel-clang/Work/build/Packages/sf/shape/nc.shp' using driver `ESRI Shapefile'
    ---
    > Reading layer `nc' from data source `/home/edzer/git/sf.Rcheck/sf/shape/nc.shp' using driver `ESRI Shapefile'
    724c724
    < proj4string: +proj=lcc +lat_0=33.75 +lon_0=-79 +lat_1=36.1666666666667 +lat_2=34.3333333333333 +x_0=609601.219202438 +y_0=0 +datum=NAD83 +units=us-ft +no_defs
    ---
    > proj4string: +proj=lcc +lat_1=36.16666666666666 +lat_2=34.33333333333334 +lat_0=33.75 +lon_0=-79 +x_0=609601.2192024384 +y_0=0 +ellps=GRS80 +towgs84=0,0,0,0,0,0,0 +units=us-ft +no_defs
    820c820
    < MULTIPOINT ((48.8473 9.37328), (143.823 27.1614...
    ---
    > MULTIPOINT (48.8473 9.37328, 143.823 27.1614, -...
    834,836c834,836
    < MULTIPOINT ((0 0.302591), (0 0.251439), (0 0.22...
    < MULTIPOINT ((0.0914728 0), (0.073852 0), (0.003...
    < MULTIPOINT ((0.0488222 1), (0.0716508 1), (0.08...
    ---
    > MULTIPOINT (0 0.302591, 0 0.251439, 0 0.223373,...
    > MULTIPOINT (0.0914728 0, 0.073852 0, 0.00320272...
    > MULTIPOINT (0.0488222 1, 0.0716508 1, 0.0897947...
    844c844
    < proj4string: +proj=lcc +lat_0=33.75 +lon_0=-79 +lat_1=36.1666666666667 +lat_2=34.3333333333333 +x_0=609601.219202438 +y_0=0 +datum=NAD83 +units=us-ft +no_defs
    ---
    > proj4string: +proj=lcc +lat_1=36.16666666666666 +lat_2=34.33333333333334 +lat_0=33.75 +lon_0=-79 +x_0=609601.2192024384 +y_0=0 +ellps=GRS80 +towgs84=0,0,0,0,0,0,0 +units=us-ft +no_defs
    861,862c861,862
    < MULTIPOINT ((-81.3189 36.4974), (-81.4017 36.57...
    < MULTIPOINT ((-80.9809 36.3787), (-81.1251 36.42...
    ---
    > MULTIPOINT (-81.3189 36.4974, -81.4017 36.5759,...
    > MULTIPOINT (-80.9809 36.3787, -81.1251 36.4256,...
    870,872c870,872
    < MULTIPOINT ((0 0.00175127), (0 0.0167514), (0 0...
    < MULTIPOINT ((0.00675965 0), (0.0217598 0), (0.0...
    < MULTIPOINT ((0.0117605 1), (0.0267606 1), (0.04...
    ---
    > MULTIPOINT (0 0.00175127, 0 0.0167514, 0 0.0317...
    > MULTIPOINT (0.00675965 0, 0.0217598 0, 0.036759...
    > MULTIPOINT (0.0117605 1, 0.0267606 1, 0.0417608...
    927,929d926
    < Warning message:
    < In make_crs(x) :
    < the following proj4string elements are going to be ignored: +proj=sterea +lat_0=52.1561605555556 +lon_0=5.38763888888889 +k=0.9999079 +x_0=155000 +y_0=463000 +ellps=bessel +units=m +no_defs ; remove the +init=epsg:XXXX to undo this
    932,936c929,930
    < EPSG: 28992
    < proj4string: "+proj=sterea +lat_0=52.1561605555556 +lon_0=5.38763888888889 +k=0.9999079 +x_0=155000 +y_0=463000 +ellps=bessel +towgs84=565.2369,50.0087,465.658,-0.406857330322398,0.350732676542563,-1.8703473836068,4.0812 +units=m +no_defs"
    < Warning message:
    < In make_crs(x) :
    < the following proj4string elements are going to be ignored: +proj=sterea +lat_0=52.1561605555556 +lon_0=5.38763888888889 +k=0.9999079 +x_0=155000 +y_0=463000 +ellps=bessel +units=m +no_defs ; remove the +init=epsg:XXXX to undo this
    ---
    > No EPSG code
    > proj4string: "+proj=sterea +lat_0=52.15616055555555 +lon_0=5.38763888888889 +k=0.9999079 +x_0=155000 +y_0=463000 +ellps=bessel +towgs84=565.2369,50.0087,465.658,-0.406857,0.350733,-1.87035,4.0812 +units=m +no_defs"
    948,950d941
    < Warning message:
    < In make_crs(x) :
    < the following proj4string elements are going to be ignored: +proj=sterea +lat_0=52.1561605555556 +lon_0=5.38763888888889 +k=0.9999079 +x_0=155000 +y_0=463000 +ellps=bessel +units=m +no_defs ; remove the +init=epsg:XXXX to undo this
     Running 'sfg.R' [1s/1s]
     Comparing 'sfg.Rout' to 'sfg.Rout.save' ... OK
     Running 'spatstat.R' [5s/5s]
     Comparing 'spatstat.Rout' to 'spatstat.Rout.save' ...205c205
    < Reading layer `nc.gpkg' from data source `/home/hornik/tmp/R.check/r-devel-clang/Work/build/Packages/sf/gpkg/nc.gpkg' using driver `GPKG'
    ---
    > Reading layer `nc.gpkg' from data source `/home/edzer/git/sf.Rcheck/sf/gpkg/nc.gpkg' using driver `GPKG'
    269c269
    < > (x = st_as_sf(as.psp(sf)))
    ---
    > > st_as_sf(as.psp(sf))
    283,297d282
    < > (y = st_as_sfc(as.psp(sf)))
    < Geometry set for 6 features
    < geometry type: GEOMETRY
    < dimension: XY
    < bbox: xmin: 0 ymin: 0 xmax: 4 ymax: 3
    < epsg (SRID): NA
    < proj4string: NA
    < First 5 geometries:
    < POLYGON ((0 0, 4 0, 4 3, 0 3, 0 0))
    < LINESTRING (0 0, 1 1)
    < LINESTRING (1 1, 2 0)
    < LINESTRING (0 0, 1 1)
    < LINESTRING (1 1, 2 0)
    < > all.equal(st_geometry(x), y)
    < [1] TRUE
     Running 'stars.R' [4s/4s]
     Comparing 'stars.Rout' to 'stars.Rout.save' ...121c121
    < Reading layer `nc.gpkg' from data source `/home/hornik/tmp/R.check/r-devel-clang/Work/build/Packages/sf/gpkg/nc.gpkg' using driver `GPKG'
    ---
    > Reading layer `nc.gpkg' from data source `/home/edzer/git/sf.Rcheck/sf/gpkg/nc.gpkg' using driver `GPKG'
    138c138
    < NA's :30904
    ---
    > NA's :30726
    141,143c141,143
    < x 1 461 -84.3239 0.0192484 +proj=longlat +datum=NAD2... FALSE NULL [x]
    < y 1 141 36.5896 -0.0192484 +proj=longlat +datum=NAD2... FALSE NULL [y]
    < Simple feature collection with 34097 features and 1 field
    ---
    > x 1 360 -84.3239 0.0246302 +proj=longlat +datum=NAD2... FALSE NULL [x]
    > y 1 180 36.5896 -0.0150425 +proj=longlat +datum=NAD2... FALSE NULL [y]
    > Simple feature collection with 34074 features and 1 field
    146c146
    < bbox: xmin: -84.32385 ymin: 33.87563 xmax: -75.45034 ymax: 36.58965
    ---
    > bbox: xmin: -84.32385 ymin: 33.88199 xmax: -75.45698 ymax: 36.58965
    148c148
    < proj4string: +proj=longlat +datum=NAD27 +no_defs
    ---
    > proj4string: +proj=longlat +ellps=clrk66 [email protected],@alaska,@ntv2_0.gsb,@ntv1_can.dat +no_defs
    151,161c151,161
    < 1 0.114 POLYGON ((-81.66757 36.5896...
    < 2 0.114 POLYGON ((-81.64833 36.5896...
    < 3 0.114 POLYGON ((-81.62908 36.5896...
    < 4 0.114 POLYGON ((-81.60983 36.5896...
    < 5 0.114 POLYGON ((-81.59058 36.5896...
    < 6 0.114 POLYGON ((-81.57133 36.5896...
    < 7 0.114 POLYGON ((-81.55208 36.5896...
    < 8 0.114 POLYGON ((-81.53283 36.5896...
    < 9 0.114 POLYGON ((-81.51359 36.5896...
    < 10 0.114 POLYGON ((-81.49434 36.5896...
    < Simple feature collection with 34097 features and 1 field
    ---
    > 1 0.114 POLYGON ((-81.66379 36.5896...
    > 2 0.114 POLYGON ((-81.63916 36.5896...
    > 3 0.114 POLYGON ((-81.61453 36.5896...
    > 4 0.114 POLYGON ((-81.5899 36.58965...
    > 5 0.114 POLYGON ((-81.56527 36.5896...
    > 6 0.114 POLYGON ((-81.54064 36.5896...
    > 7 0.114 POLYGON ((-81.68842 36.5746...
    > 8 0.114 POLYGON ((-81.66379 36.5746...
    > 9 0.114 POLYGON ((-81.63916 36.5746...
    > 10 0.114 POLYGON ((-81.61453 36.5746...
    > Simple feature collection with 34074 features and 1 field
    164c164
    < bbox: xmin: -84.32385 ymin: 33.87563 xmax: -75.45034 ymax: 36.58965
    ---
    > bbox: xmin: -84.32385 ymin: 33.88199 xmax: -75.45698 ymax: 36.58965
    166c166
    < proj4string: +proj=longlat +datum=NAD27 +no_defs
    ---
    > proj4string: +proj=longlat +ellps=clrk66 [email protected],@alaska,@ntv2_0.gsb,@ntv1_can.dat +no_defs
    169,179c169,179
    < 1 0.114 POLYGON ((-81.66757 36.5896...
    < 2 0.114 POLYGON ((-81.64833 36.5896...
    < 3 0.114 POLYGON ((-81.62908 36.5896...
    < 4 0.114 POLYGON ((-81.60983 36.5896...
    < 5 0.114 POLYGON ((-81.59058 36.5896...
    < 6 0.114 POLYGON ((-81.57133 36.5896...
    < 7 0.114 POLYGON ((-81.55208 36.5896...
    < 8 0.114 POLYGON ((-81.53283 36.5896...
    < 9 0.114 POLYGON ((-81.51359 36.5896...
    < 10 0.114 POLYGON ((-81.49434 36.5896...
    < Simple feature collection with 34097 features and 1 field
    ---
    > 1 0.114 POLYGON ((-81.66379 36.5896...
    > 2 0.114 POLYGON ((-81.63916 36.5896...
    > 3 0.114 POLYGON ((-81.61453 36.5896...
    > 4 0.114 POLYGON ((-81.5899 36.58965...
    > 5 0.114 POLYGON ((-81.56527 36.5896...
    > 6 0.114 POLYGON ((-81.54064 36.5896...
    > 7 0.114 POLYGON ((-81.68842 36.5746...
    > 8 0.114 POLYGON ((-81.66379 36.5746...
    > 9 0.114 POLYGON ((-81.63916 36.5746...
    > 10 0.114 POLYGON ((-81.61453 36.5746...
    > Simple feature collection with 34074 features and 1 field
    182c182
    < bbox: xmin: -84.31423 ymin: 33.88525 xmax: -75.45997 ymax: 36.58003
    ---
    > bbox: xmin: -84.31154 ymin: 33.88951 xmax: -75.46929 ymax: 36.58213
    184c184
    < proj4string: +proj=longlat +datum=NAD27 +no_defs
    ---
    > proj4string: +proj=longlat +ellps=clrk66 [email protected],@alaska,@ntv2_0.gsb,@ntv1_can.dat +no_defs
    187,196c187,200
    < 1 0.114 POINT (-81.65795 36.58003)
    < 2 0.114 POINT (-81.6387 36.58003)
    < 3 0.114 POINT (-81.61945 36.58003)
    < 4 0.114 POINT (-81.6002 36.58003)
    < 5 0.114 POINT (-81.58096 36.58003)
    < 6 0.114 POINT (-81.56171 36.58003)
    < 7 0.114 POINT (-81.54246 36.58003)
    < 8 0.114 POINT (-81.52321 36.58003)
    < 9 0.114 POINT (-81.50396 36.58003)
    < 10 0.114 POINT (-81.48471 36.58003)
    ---
    > 1 0.114 POINT (-81.65148 36.58213)
    > 2 0.114 POINT (-81.62684 36.58213)
    > 3 0.114 POINT (-81.60221 36.58213)
    > 4 0.114 POINT (-81.57758 36.58213)
    > 5 0.114 POINT (-81.55295 36.58213)
    > 6 0.114 POINT (-81.52832 36.58213)
    > 7 0.114 POINT (-81.67611 36.56709)
    > 8 0.114 POINT (-81.65148 36.56709)
    > 9 0.114 POINT (-81.62684 36.56709)
    > 10 0.114 POINT (-81.60221 36.56709)
    > ================================================================================
    > ================================================================================
    > ================================================================================
    > ================================================================================
     Running 'testthat.R' [12s/13s]
     Running 'units.R' [1s/2s]
     Comparing 'units.Rout' to 'units.Rout.save' ... OK
     Running 'wkb.R' [1s/2s]
     Comparing 'wkb.Rout' to 'wkb.Rout.save' ... OK
    Running the tests in 'tests/testthat.R' failed.
    Complete output:
     > library(testthat)
     > suppressPackageStartupMessages(library(sf))
     >
     > test_check("sf")
     proj_create: Error -5: unknown projection id
     proj_create: Error -9: unknown elliptical parameter name
     Cannot open layer foo
     Reading layer `nospatial' from data source `/home/hornik/tmp/R.check/r-devel-clang/Work/build/Packages/sf/gpkg/nospatial.gpkg' using driver `GPKG'
     Reading layer `nospatial' from data source `/home/hornik/tmp/R.check/r-devel-clang/Work/build/Packages/sf/gpkg/nospatial.gpkg' using driver `GPKG'
     -- 1. Failure: we can subset sf objects (@test_sf.R#7) ------------------------
     s1[[1]] not equal to factor(c("x", "y")).
     Types not compatible: character is not integer
    
     OGR: Unsupported geometry type
     Reading layer `nc' from data source `/home/hornik/tmp/R.check/r-devel-clang/Work/build/Packages/sf/shape/nc.shp' using driver `ESRI Shapefile'
     Simple feature collection with 100 features and 14 fields
     geometry type: MULTIPOLYGON
     dimension: XY
     bbox: xmin: -84.32385 ymin: 33.88199 xmax: -75.45698 ymax: 36.58965
     epsg (SRID): 4267
     proj4string: +proj=longlat +datum=NAD27 +no_defs
     Failed to create feature 1 in x
     Failed to create feature 1 in x
     Reading layer `storms_xyzm' from data source `/home/hornik/tmp/R.check/r-devel-clang/Work/build/Packages/sf/shape/storms_xyzm.shp' using driver `ESRI Shapefile'
     Simple feature collection with 71 features and 0 fields
     geometry type: LINESTRING
     dimension: XYM
     bbox: xmin: -102.2 ymin: 8.3 xmax: 0 ymax: 59.5
     m_range: zmin: 924 zmax: 1017
     epsg (SRID): NA
     proj4string: NA
     Reading layer `storms_xyz' from data source `/home/hornik/tmp/R.check/r-devel-clang/Work/build/Packages/sf/shape/storms_xyz.shp' using driver `ESRI Shapefile'
     Simple feature collection with 71 features and 0 fields
     geometry type: LINESTRING
     dimension: XYZ
     bbox: xmin: -102.2 ymin: 8.3 xmax: 0 ymax: 59.5
     z_range: zmin: 924 zmax: 1017
     epsg (SRID): NA
     proj4string: NA
     == testthat results ===========================================================
     [ OK: 711 | SKIPPED: 65 | WARNINGS: 4 | FAILED: 1 ]
     1. Failure: we can subset sf objects (@test_sf.R#7)
    
     Error: testthat unit tests failed
     Execution halted
Flavor: r-devel-linux-x86_64-debian-clang

Version: 0.8-1
Check: installed package size
Result: NOTE
     installed size is 25.6Mb
     sub-directories of 1Mb or more:
     doc 12.0Mb
     libs 9.4Mb
     sqlite 1.5Mb
Flavors: r-devel-linux-x86_64-fedora-clang, r-devel-windows-ix86+x86_64, r-devel-windows-ix86+x86_64-gcc8, r-patched-solaris-x86, r-release-windows-ix86+x86_64, r-release-osx-x86_64, r-oldrel-windows-ix86+x86_64, r-oldrel-osx-x86_64

Version: 0.8-1
Check: package dependencies
Result: NOTE
    Package suggested but not available for checking: ‘RPostgres’
Flavor: r-patched-solaris-x86

Version: 0.8-1
Check: re-building of vignette outputs
Result: WARN
    Error(s) in re-building vignettes:
     ...
    --- re-building ‘sf1.Rmd’ using rmarkdown
    Warning in engine$weave(file, quiet = quiet, encoding = enc) :
     Pandoc (>= 1.12.3) and/or pandoc-citeproc not available. Falling back to R Markdown v1.
    --- finished re-building ‘sf1.Rmd’
    
    --- re-building ‘sf2.Rmd’ using rmarkdown
    Warning in engine$weave(file, quiet = quiet, encoding = enc) :
     Pandoc (>= 1.12.3) and/or pandoc-citeproc not available. Falling back to R Markdown v1.
    --- finished re-building ‘sf2.Rmd’
    
    --- re-building ‘sf3.Rmd’ using rmarkdown
    Warning in engine$weave(file, quiet = quiet, encoding = enc) :
     Pandoc (>= 1.12.3) and/or pandoc-citeproc not available. Falling back to R Markdown v1.
    --- finished re-building ‘sf3.Rmd’
    
    --- re-building ‘sf4.Rmd’ using rmarkdown
    Warning in engine$weave(file, quiet = quiet, encoding = enc) :
     Pandoc (>= 1.12.3) and/or pandoc-citeproc not available. Falling back to R Markdown v1.
    --- finished re-building ‘sf4.Rmd’
    
    --- re-building ‘sf5.Rmd’ using rmarkdown
    Warning in engine$weave(file, quiet = quiet, encoding = enc) :
     Pandoc (>= 1.12.3) and/or pandoc-citeproc not available. Falling back to R Markdown v1.
    Quitting from lines 213-215 (sf5.Rmd)
    Error: processing vignette 'sf5.Rmd' failed with diagnostics:
    cannot open the connection
    --- failed re-building ‘sf5.Rmd’
    
    --- re-building ‘sf6.Rmd’ using rmarkdown
    Warning in engine$weave(file, quiet = quiet, encoding = enc) :
     Pandoc (>= 1.12.3) and/or pandoc-citeproc not available. Falling back to R Markdown v1.
    --- finished re-building ‘sf6.Rmd’
    
    SUMMARY: processing the following file failed:
     ‘sf5.Rmd’
    
    Error: Vignette re-building failed.
    Execution halted
Flavor: r-patched-solaris-x86

Version: 0.8-1
Check: re-building of vignette outputs
Result: WARN
    Error(s) in re-building vignettes:
    --- re-building ‘sf1.Rmd’ using rmarkdown
    Warning in engine$weave(file, quiet = quiet, encoding = enc) :
     Pandoc (>= 1.12.3) and/or pandoc-citeproc not available. Falling back to R Markdown v1.
    --- finished re-building ‘sf1.Rmd’
    
    --- re-building ‘sf2.Rmd’ using rmarkdown
    Warning in engine$weave(file, quiet = quiet, encoding = enc) :
     Pandoc (>= 1.12.3) and/or pandoc-citeproc not available. Falling back to R Markdown v1.
    --- finished re-building ‘sf2.Rmd’
    
    --- re-building ‘sf3.Rmd’ using rmarkdown
    Warning in engine$weave(file, quiet = quiet, encoding = enc) :
     Pandoc (>= 1.12.3) and/or pandoc-citeproc not available. Falling back to R Markdown v1.
    --- finished re-building ‘sf3.Rmd’
    
    --- re-building ‘sf4.Rmd’ using rmarkdown
    Warning in engine$weave(file, quiet = quiet, encoding = enc) :
     Pandoc (>= 1.12.3) and/or pandoc-citeproc not available. Falling back to R Markdown v1.
    --- finished re-building ‘sf4.Rmd’
    
    --- re-building ‘sf5.Rmd’ using rmarkdown
    Warning in engine$weave(file, quiet = quiet, encoding = enc) :
     Pandoc (>= 1.12.3) and/or pandoc-citeproc not available. Falling back to R Markdown v1.
    Quitting from lines 213-215 (sf5.Rmd)
    Error: processing vignette 'sf5.Rmd' failed with diagnostics:
    cannot open the connection
    --- failed re-building ‘sf5.Rmd’
    
    --- re-building ‘sf6.Rmd’ using rmarkdown
    Warning in engine$weave(file, quiet = quiet, encoding = enc) :
     Pandoc (>= 1.12.3) and/or pandoc-citeproc not available. Falling back to R Markdown v1.
    --- finished re-building ‘sf6.Rmd’
    
    SUMMARY: processing the following file failed:
     ‘sf5.Rmd’
    
    Error: Vignette re-building failed.
    Execution halted
Flavor: r-release-osx-x86_64

Version: 0.8-1
Check: re-building of vignette outputs
Result: WARN
    Error in re-building vignettes:
     ...
    Warning in engine$weave(file, quiet = quiet, encoding = enc) :
     Pandoc (>= 1.12.3) and/or pandoc-citeproc not available. Falling back to R Markdown v1.
    Warning in engine$weave(file, quiet = quiet, encoding = enc) :
     Pandoc (>= 1.12.3) and/or pandoc-citeproc not available. Falling back to R Markdown v1.
    Warning in engine$weave(file, quiet = quiet, encoding = enc) :
     Pandoc (>= 1.12.3) and/or pandoc-citeproc not available. Falling back to R Markdown v1.
    Warning in engine$weave(file, quiet = quiet, encoding = enc) :
     Pandoc (>= 1.12.3) and/or pandoc-citeproc not available. Falling back to R Markdown v1.
    Warning in engine$weave(file, quiet = quiet, encoding = enc) :
     Pandoc (>= 1.12.3) and/or pandoc-citeproc not available. Falling back to R Markdown v1.
    Quitting from lines 213-215 (sf5.Rmd)
    Error: processing vignette 'sf5.Rmd' failed with diagnostics:
    cannot open the connection
    Execution halted
Flavor: r-oldrel-osx-x86_64