Last updated on 2021-03-08 00:46:57 CET.
Flavor | Version | Tinstall | Tcheck | Ttotal | Status | Flags |
---|---|---|---|---|---|---|
r-devel-linux-x86_64-debian-clang | 1.1-8 | 7.55 | 72.14 | 79.69 | OK | |
r-devel-linux-x86_64-debian-gcc | 1.1-8 | 6.50 | 54.01 | 60.51 | OK | |
r-devel-linux-x86_64-fedora-clang | 1.1-8 | 104.26 | OK | |||
r-devel-linux-x86_64-fedora-gcc | 1.1-8 | 97.04 | OK | |||
r-devel-windows-ix86+x86_64 | 1.1-8 | 14.00 | 86.00 | 100.00 | OK | |
r-devel-windows-x86_64-gcc10-UCRT | 1.1-8 | OK | ||||
r-patched-linux-x86_64 | 1.1-8 | 8.12 | 67.08 | 75.20 | OK | |
r-patched-solaris-x86 | 1.1-8 | 120.00 | OK | |||
r-release-linux-x86_64 | 1.1-8 | 9.06 | 67.68 | 76.74 | OK | |
r-release-macos-x86_64 | 1.1-8 | NOTE | ||||
r-release-windows-ix86+x86_64 | 1.1-8 | 13.00 | 80.00 | 93.00 | OK | |
r-oldrel-macos-x86_64 | 1.1-8 | NOTE | ||||
r-oldrel-windows-ix86+x86_64 | 1.1-8 | 12.00 | 71.00 | 83.00 | OK |
Version: 1.1-8
Check: package dependencies
Result: NOTE
Package which this enhances but not available for checking: ‘gmp’
Flavor: r-release-macos-x86_64
Version: 1.1-8
Check: dependencies in R code
Result: NOTE
No protocol specified
No protocol specified
Flavor: r-oldrel-macos-x86_64