CRAN Package Check Results for Package shapviz

Last updated on 2024-06-13 06:58:18 CEST.

Flavor Version Tinstall Tcheck Ttotal Status Flags
r-devel-linux-x86_64-debian-clang 0.9.3 12.50 217.89 230.39 OK
r-devel-linux-x86_64-debian-gcc 0.9.3 0.40 1.87 2.27 ERROR
r-devel-linux-x86_64-fedora-clang 0.9.3 286.07 OK
r-devel-linux-x86_64-fedora-gcc 0.9.3 284.64 OK
r-devel-windows-x86_64 0.9.3 11.00 167.00 178.00 OK
r-patched-linux-x86_64 0.9.3 10.16 207.43 217.59 OK
r-release-linux-x86_64 0.9.3 7.72 210.93 218.65 OK
r-release-macos-arm64 0.9.3 86.00 OK
r-release-macos-x86_64 0.9.3 127.00 OK
r-release-windows-x86_64 0.9.3 12.00 184.00 196.00 OK
r-oldrel-macos-arm64 0.9.3 85.00 OK
r-oldrel-macos-x86_64 0.9.3 187.00 OK
r-oldrel-windows-x86_64 0.9.3 15.00 217.00 232.00 OK

Check Details

Version: 0.9.3
Check: package dependencies
Result: ERROR Packages required but not available: 'ggfittext', 'gggenes', 'ggplot2', 'ggrepel', 'patchwork' Package suggested but not available for checking: ‘testthat’ See section ‘The DESCRIPTION file’ in the ‘Writing R Extensions’ manual. Flavor: r-devel-linux-x86_64-debian-gcc