CRAN Package Check Results for Package sharpData

Last updated on 2020-09-22 02:17:32 CEST.

Flavor Version Tinstall Tcheck Ttotal Status Flags
r-devel-linux-x86_64-debian-clang 1.2 2.99 22.31 25.30 OK
r-devel-linux-x86_64-debian-gcc 1.2 2.11 18.18 20.29 OK
r-devel-linux-x86_64-fedora-clang 1.2 41.34 NOTE
r-devel-linux-x86_64-fedora-gcc 1.2 30.62 NOTE
r-devel-windows-ix86+x86_64 1.2 8.00 41.00 49.00 OK
r-patched-linux-x86_64 1.2 2.63 22.45 25.08 OK
r-patched-solaris-x86 1.2 46.00 OK
r-release-linux-x86_64 1.2 2.90 22.37 25.27 OK
r-release-macos-x86_64 1.2 OK
r-release-windows-ix86+x86_64 1.2 8.00 40.00 48.00 OK
r-oldrel-macos-x86_64 1.2 OK
r-oldrel-windows-ix86+x86_64 1.2 5.00 45.00 50.00 OK

Check Details

Version: 1.2
Check: compiled code
Result: NOTE
    File ‘sharpData/libs/sharpData.so’:
     Found no calls to: ‘R_registerRoutines’, ‘R_useDynamicSymbols’
    
    It is good practice to register native routines and to disable symbol
    search.
    
    See ‘Writing portable packages’ in the ‘Writing R Extensions’ manual.
Flavors: r-devel-linux-x86_64-fedora-clang, r-devel-linux-x86_64-fedora-gcc