CRAN Package Check Results for Package shinipsum

Last updated on 2022-06-25 01:49:11 CEST.

Flavor Version Tinstall Tcheck Ttotal Status Flags
r-devel-linux-x86_64-debian-clang 0.1.0 7.95 82.94 90.89 OK
r-devel-linux-x86_64-debian-gcc 0.1.0 6.03 61.32 67.35 OK
r-devel-linux-x86_64-fedora-clang 0.1.0 118.59 NOTE
r-devel-linux-x86_64-fedora-gcc 0.1.0 129.44 NOTE
r-devel-windows-x86_64 0.1.0 23.00 108.00 131.00 OK
r-patched-linux-x86_64 0.1.0 7.89 77.59 85.48 OK
r-release-linux-x86_64 0.1.0 7.70 78.14 85.84 OK
r-release-macos-arm64 0.1.0 32.00 NOTE
r-release-macos-x86_64 0.1.0 55.00 NOTE
r-release-windows-x86_64 0.1.0 25.00 109.00 134.00 OK
r-oldrel-macos-arm64 0.1.0 40.00 NOTE
r-oldrel-macos-x86_64 0.1.0 65.00 NOTE
r-oldrel-windows-ix86+x86_64 0.1.0 19.00 111.00 130.00 OK

Check Details

Version: 0.1.0
Check: dependencies in R code
Result: NOTE
    Namespace in Imports field not imported from: ‘utils’
     All declared Imports should be used.
Flavors: r-devel-linux-x86_64-fedora-clang, r-devel-linux-x86_64-fedora-gcc, r-release-macos-arm64, r-release-macos-x86_64, r-oldrel-macos-arm64, r-oldrel-macos-x86_64