CRAN Package Check Results for Package shinipsum

Last updated on 2023-01-30 01:53:45 CET.

Flavor Version Tinstall Tcheck Ttotal Status Flags
r-devel-linux-x86_64-debian-clang 0.1.0 7.96 82.71 90.67 OK
r-devel-linux-x86_64-debian-gcc 0.1.0 6.08 60.09 66.17 OK
r-devel-linux-x86_64-fedora-clang 0.1.0 108.33 NOTE
r-devel-linux-x86_64-fedora-gcc 0.1.0 104.65 NOTE
r-devel-windows-x86_64 0.1.0 24.00 116.00 140.00 OK
r-patched-linux-x86_64 0.1.0 7.56 78.97 86.53 OK
r-release-linux-x86_64 0.1.0 6.80 81.44 88.24 OK
r-release-macos-arm64 0.1.0 32.00 NOTE
r-release-macos-x86_64 0.1.0 55.00 NOTE
r-release-windows-x86_64 0.1.0 29.00 120.00 149.00 OK
r-oldrel-macos-arm64 0.1.0 40.00 NOTE
r-oldrel-macos-x86_64 0.1.0 65.00 NOTE
r-oldrel-windows-ix86+x86_64 0.1.0 20.00 110.00 130.00 OK

Check Details

Version: 0.1.0
Check: dependencies in R code
Result: NOTE
    Namespace in Imports field not imported from: ‘utils’
     All declared Imports should be used.
Flavors: r-devel-linux-x86_64-fedora-clang, r-devel-linux-x86_64-fedora-gcc, r-release-macos-arm64, r-release-macos-x86_64, r-oldrel-macos-arm64, r-oldrel-macos-x86_64