Last updated on 2022-06-30 01:49:19 CEST.
Flavor | Version | Tinstall | Tcheck | Ttotal | Status | Flags |
---|---|---|---|---|---|---|
r-devel-linux-x86_64-debian-clang | 0.4.3 | 9.17 | 62.78 | 71.95 | OK | |
r-devel-linux-x86_64-debian-gcc | 0.4.3 | 6.27 | 48.07 | 54.34 | OK | |
r-devel-linux-x86_64-fedora-clang | 0.4.3 | 94.47 | NOTE | |||
r-devel-linux-x86_64-fedora-gcc | 0.4.3 | 94.82 | OK | |||
r-devel-windows-x86_64 | 0.4.3 | 234.00 | 116.00 | 350.00 | NOTE | |
r-patched-linux-x86_64 | 0.4.3 | 7.50 | 61.35 | 68.85 | OK | |
r-release-linux-x86_64 | 0.4.3 | 7.63 | 60.61 | 68.24 | OK | |
r-release-macos-arm64 | 0.4.3 | 29.00 | NOTE | |||
r-release-macos-x86_64 | 0.4.3 | 54.00 | NOTE | |||
r-release-windows-x86_64 | 0.4.3 | 418.00 | 117.00 | 535.00 | NOTE | |
r-oldrel-macos-arm64 | 0.4.3 | 31.00 | NOTE | |||
r-oldrel-macos-x86_64 | 0.4.3 | 48.00 | NOTE | |||
r-oldrel-windows-ix86+x86_64 | 0.4.3 | 17.00 | 110.00 | 127.00 | NOTE |
Version: 0.4.3
Check: installed package size
Result: NOTE
installed size is 11.3Mb
sub-directories of 1Mb or more:
help 2.5Mb
www 8.1Mb
Flavors: r-devel-linux-x86_64-fedora-clang, r-devel-windows-x86_64, r-release-macos-arm64, r-release-macos-x86_64, r-release-windows-x86_64, r-oldrel-macos-arm64, r-oldrel-macos-x86_64, r-oldrel-windows-ix86+x86_64