CRAN Package Check Results for Package shinyAce

Last updated on 2022-12-08 01:52:24 CET.

Flavor Version Tinstall Tcheck Ttotal Status Flags
r-devel-linux-x86_64-debian-clang 0.4.2 5.83 50.48 56.31 OK
r-devel-linux-x86_64-debian-gcc 0.4.2 4.54 39.19 43.73 OK
r-devel-linux-x86_64-fedora-clang 0.4.2 78.61 NOTE
r-devel-linux-x86_64-fedora-gcc 0.4.2 86.82 OK
r-devel-windows-x86_64 0.4.2 102.00 90.00 192.00 NOTE
r-patched-linux-x86_64 0.4.2 5.96 47.98 53.94 OK
r-release-linux-x86_64 0.4.2 5.51 46.82 52.33 OK
r-release-macos-arm64 0.4.2 28.00 NOTE
r-release-macos-x86_64 0.4.2 40.00 NOTE
r-release-windows-x86_64 0.4.2 182.00 87.00 269.00 NOTE
r-oldrel-macos-arm64 0.4.2 29.00 NOTE
r-oldrel-macos-x86_64 0.4.2 42.00 NOTE
r-oldrel-windows-ix86+x86_64 0.4.2 15.00 73.00 88.00 NOTE

Check Details

Version: 0.4.2
Check: installed package size
Result: NOTE
     installed size is 8.1Mb
     sub-directories of 1Mb or more:
     www 7.7Mb
Flavors: r-devel-linux-x86_64-fedora-clang, r-devel-windows-x86_64, r-release-macos-arm64, r-release-macos-x86_64, r-release-windows-x86_64, r-oldrel-macos-arm64, r-oldrel-macos-x86_64, r-oldrel-windows-ix86+x86_64