CRAN Package Check Results for Package shinyChakraUI

Last updated on 2023-09-24 08:58:30 CEST.

Flavor Version Tinstall Tcheck Ttotal Status Flags
r-devel-linux-x86_64-debian-clang 1.1.1 7.72 53.03 60.75 OK
r-devel-linux-x86_64-debian-gcc 1.1.1 5.76 41.35 47.11 OK
r-devel-linux-x86_64-fedora-clang 1.1.1 73.91 NOTE
r-devel-linux-x86_64-fedora-gcc 1.1.1 72.30 OK
r-devel-windows-x86_64 1.1.1 13.00 67.00 80.00 NOTE
r-patched-linux-x86_64 1.1.1 8.48 51.09 59.57 OK
r-release-linux-x86_64 1.1.1 8.11 51.26 59.37 OK
r-release-macos-arm64 1.1.1 27.00 NOTE
r-release-macos-x86_64 1.1.1 41.00 NOTE
r-release-windows-x86_64 1.1.1 14.00 75.00 89.00 NOTE
r-oldrel-macos-arm64 1.1.1 24.00 NOTE
r-oldrel-macos-x86_64 1.1.1 51.00 NOTE
r-oldrel-windows-x86_64 1.1.1 17.00 75.00 92.00 NOTE

Additional issues

donttest

Check Details

Version: 1.1.1
Check: installed package size
Result: NOTE
     installed size is 20.6Mb
     sub-directories of 1Mb or more:
     www 19.7Mb
Flavors: r-devel-linux-x86_64-fedora-clang, r-devel-windows-x86_64, r-release-macos-arm64, r-release-macos-x86_64, r-release-windows-x86_64, r-oldrel-macos-arm64, r-oldrel-macos-x86_64, r-oldrel-windows-x86_64