Last updated on 2022-06-27 01:50:03 CEST.
Flavor | Version | Tinstall | Tcheck | Ttotal | Status | Flags |
---|---|---|---|---|---|---|
r-devel-linux-x86_64-debian-clang | 0.2 | 9.61 | 84.24 | 93.85 | NOTE | |
r-devel-linux-x86_64-debian-gcc | 0.2 | 7.19 | 62.66 | 69.85 | NOTE | |
r-devel-linux-x86_64-fedora-clang | 0.2 | 118.69 | NOTE | |||
r-devel-linux-x86_64-fedora-gcc | 0.2 | 116.63 | NOTE | |||
r-devel-windows-x86_64 | 0.2 | 25.00 | 104.00 | 129.00 | NOTE | |
r-patched-linux-x86_64 | 0.2 | 6.19 | 77.24 | 83.43 | NOTE | |
r-release-linux-x86_64 | 0.2 | 6.63 | 79.40 | 86.03 | NOTE | |
r-release-macos-arm64 | 0.2 | 35.00 | NOTE | |||
r-release-macos-x86_64 | 0.2 | 56.00 | NOTE | |||
r-release-windows-x86_64 | 0.2 | 28.00 | 103.00 | 131.00 | NOTE | |
r-oldrel-macos-arm64 | 0.2 | 44.00 | NOTE | |||
r-oldrel-macos-x86_64 | 0.2 | 59.00 | NOTE | |||
r-oldrel-windows-ix86+x86_64 | 0.2 | 24.00 | 103.00 | 127.00 | NOTE |
Version: 0.2
Check: LazyData
Result: NOTE
'LazyData' is specified without a 'data' directory
Flavors: r-devel-linux-x86_64-debian-clang, r-devel-linux-x86_64-debian-gcc, r-devel-linux-x86_64-fedora-clang, r-devel-linux-x86_64-fedora-gcc, r-devel-windows-x86_64, r-patched-linux-x86_64, r-release-linux-x86_64, r-release-macos-arm64, r-release-macos-x86_64, r-release-windows-x86_64, r-oldrel-macos-arm64, r-oldrel-macos-x86_64, r-oldrel-windows-ix86+x86_64