CRAN Package Check Results for Package shinydashboardPlus

Last updated on 2021-03-02 00:47:39 CET.

Flavor Version Tinstall Tcheck Ttotal Status Flags
r-devel-linux-x86_64-debian-clang 0.7.5 WARN
r-devel-linux-x86_64-debian-gcc 0.7.5 3.99 38.27 42.26 WARN
r-devel-linux-x86_64-fedora-clang 0.7.5 73.95 WARN
r-devel-linux-x86_64-fedora-gcc 0.7.5 64.69 WARN
r-devel-windows-ix86+x86_64 0.7.5 10.00 57.00 67.00 OK
r-patched-linux-x86_64 0.7.5 5.42 46.92 52.34 NOTE
r-patched-solaris-x86 0.7.5 81.20 NOTE
r-release-linux-x86_64 0.7.5 5.43 47.11 52.54 NOTE
r-release-macos-x86_64 0.7.5 OK
r-release-windows-ix86+x86_64 0.7.5 12.00 80.00 92.00 OK
r-oldrel-macos-x86_64 0.7.5 OK
r-oldrel-windows-ix86+x86_64 0.7.5 8.00 59.00 67.00 OK

Check Details

Version: 0.7.5
Check: dependencies in R code
Result: WARN
    Missing or unexported object: 'shinyjqui::jqui_sortabled'
Flavors: r-devel-linux-x86_64-debian-clang, r-devel-linux-x86_64-debian-gcc, r-devel-linux-x86_64-fedora-clang, r-devel-linux-x86_64-fedora-gcc

Version: 0.7.5
Check: dependencies in R code
Result: NOTE
    Missing or unexported object: ‘shinyjqui::jqui_sortabled’
Flavors: r-patched-linux-x86_64, r-patched-solaris-x86, r-release-linux-x86_64