CRAN Package Check Results for Package shinydlplot

Last updated on 2022-06-30 01:49:19 CEST.

Flavor Version Tinstall Tcheck Ttotal Status Flags
r-devel-linux-x86_64-debian-clang 0.1.3 3.74 40.20 43.94 NOTE
r-devel-linux-x86_64-debian-gcc 0.1.3 3.57 31.27 34.84 NOTE
r-devel-linux-x86_64-fedora-clang 0.1.3 63.09 NOTE
r-devel-linux-x86_64-fedora-gcc 0.1.3 63.21 NOTE
r-devel-windows-x86_64 0.1.3 27.00 62.00 89.00 NOTE
r-patched-linux-x86_64 0.1.3 10.50 39.05 49.55 NOTE
r-release-linux-x86_64 0.1.3 3.27 39.00 42.27 NOTE
r-release-macos-arm64 0.1.3 21.00 NOTE
r-release-macos-x86_64 0.1.3 33.00 NOTE
r-release-windows-x86_64 0.1.3 16.00 65.00 81.00 NOTE
r-oldrel-macos-arm64 0.1.3 28.00 NOTE
r-oldrel-macos-x86_64 0.1.3 40.00 NOTE
r-oldrel-windows-ix86+x86_64 0.1.3 12.00 59.00 71.00 NOTE

Check Details

Version: 0.1.3
Check: LazyData
Result: NOTE
     'LazyData' is specified without a 'data' directory
Flavors: r-devel-linux-x86_64-debian-clang, r-devel-linux-x86_64-debian-gcc, r-devel-linux-x86_64-fedora-clang, r-devel-linux-x86_64-fedora-gcc, r-devel-windows-x86_64, r-patched-linux-x86_64, r-release-linux-x86_64, r-release-macos-arm64, r-release-macos-x86_64, r-release-windows-x86_64, r-oldrel-macos-arm64, r-oldrel-macos-x86_64, r-oldrel-windows-ix86+x86_64