CRAN Package Check Results for Package shinydrive

Last updated on 2021-07-24 01:50:16 CEST.

Flavor Version Tinstall Tcheck Ttotal Status Flags
r-devel-linux-x86_64-debian-clang 0.1.1 5.58 45.37 50.95 NOTE
r-devel-linux-x86_64-debian-gcc 0.1.1 4.41 35.48 39.89 NOTE
r-devel-linux-x86_64-fedora-clang 0.1.1 69.16 NOTE
r-devel-linux-x86_64-fedora-gcc 0.1.1 59.28 NOTE
r-devel-windows-x86_64 0.1.1 7.00 54.00 61.00 NOTE
r-devel-windows-x86_64-gcc10-UCRT 0.1.1 NOTE
r-patched-linux-x86_64 0.1.1 5.02 43.81 48.83 NOTE
r-patched-solaris-x86 0.1.1 86.80 NOTE
r-release-linux-x86_64 0.1.1 5.61 43.90 49.51 NOTE
r-release-macos-arm64 0.1.1 NOTE
r-release-macos-x86_64 0.1.1 NOTE
r-release-windows-ix86+x86_64 0.1.1 12.00 54.00 66.00 NOTE
r-oldrel-macos-x86_64 0.1.1 OK
r-oldrel-windows-ix86+x86_64 0.1.1 14.00 67.00 81.00 OK

Check Details

Version: 0.1.1
Check: LazyData
Result: NOTE
     'LazyData' is specified without a 'data' directory
Flavors: r-devel-linux-x86_64-debian-clang, r-devel-linux-x86_64-debian-gcc, r-devel-linux-x86_64-fedora-clang, r-devel-linux-x86_64-fedora-gcc, r-devel-windows-x86_64, r-devel-windows-x86_64-gcc10-UCRT, r-patched-linux-x86_64, r-patched-solaris-x86, r-release-linux-x86_64, r-release-macos-arm64, r-release-macos-x86_64, r-release-windows-ix86+x86_64