Last updated on 2023-03-23 06:52:35 CET.
Flavor | Version | Tinstall | Tcheck | Ttotal | Status | Flags |
---|---|---|---|---|---|---|
r-devel-linux-x86_64-debian-clang | 0.3.2 | 1.85 | 21.71 | 23.56 | OK | |
r-devel-linux-x86_64-debian-gcc | 0.3.2 | 1.51 | 17.19 | 18.70 | OK | |
r-devel-linux-x86_64-fedora-clang | 0.3.2 | 30.83 | NOTE | |||
r-devel-linux-x86_64-fedora-gcc | 0.3.2 | 28.29 | NOTE | |||
r-patched-linux-x86_64 | 0.3.2 | 2.05 | 22.60 | 24.65 | OK | |
r-release-linux-x86_64 | 0.3.2 | 2.05 | 21.96 | 24.01 | OK | |
r-release-macos-arm64 | 0.3.2 | 14.00 | NOTE | |||
r-release-macos-x86_64 | 0.3.2 | 28.00 | NOTE | |||
r-release-windows-x86_64 | 0.3.2 | 19.00 | 96.00 | 115.00 | OK | |
r-oldrel-macos-arm64 | 0.3.2 | 18.00 | NOTE | |||
r-oldrel-macos-x86_64 | 0.3.2 | 26.00 | NOTE | |||
r-oldrel-windows-ix86+x86_64 | 0.3.2 | 6.00 | 47.00 | 53.00 | OK |
Version: 0.3.2
Check: dependencies in R code
Result: NOTE
Namespace in Imports field not imported from: ‘markdown’
All declared Imports should be used.
Flavors: r-devel-linux-x86_64-fedora-clang, r-devel-linux-x86_64-fedora-gcc, r-release-macos-arm64, r-release-macos-x86_64, r-oldrel-macos-arm64, r-oldrel-macos-x86_64