CRAN Package Check Results for Package shinyjs

Last updated on 2020-05-29 01:50:21 CEST.

Flavor Version Tinstall Tcheck Ttotal Status Flags
r-devel-linux-x86_64-debian-clang 1.1 2.88 33.17 36.05 OK
r-devel-linux-x86_64-debian-gcc 1.1 2.41 26.17 28.58 OK
r-devel-linux-x86_64-fedora-clang 1.1 42.46 NOTE
r-devel-linux-x86_64-fedora-gcc 1.1 41.80 NOTE
r-devel-windows-ix86+x86_64 1.1 12.00 60.00 72.00 OK
r-patched-linux-x86_64 1.1 3.01 33.43 36.44 OK
r-patched-solaris-x86 1.1 59.40 NOTE
r-release-linux-x86_64 1.1 2.88 33.53 36.41 OK
r-release-osx-x86_64 1.1 NOTE
r-release-windows-ix86+x86_64 1.1 8.00 164.00 172.00 OK
r-oldrel-osx-x86_64 1.1 NOTE
r-oldrel-windows-ix86+x86_64 1.1 7.00 53.00 60.00 OK

Check Details

Version: 1.1
Check: dependencies in R code
Result: NOTE
    Namespace in Imports field not imported from: ‘htmltools’
     All declared Imports should be used.
Flavors: r-devel-linux-x86_64-fedora-clang, r-devel-linux-x86_64-fedora-gcc, r-patched-solaris-x86, r-release-osx-x86_64, r-oldrel-osx-x86_64