CRAN Package Check Results for Package shinyjs

Last updated on 2019-10-19 01:50:26 CEST.

Flavor Version Tinstall Tcheck Ttotal Status Flags
r-devel-linux-x86_64-debian-clang 1.0 2.84 29.95 32.79 OK
r-devel-linux-x86_64-debian-gcc 1.0 2.13 23.91 26.04 OK
r-devel-linux-x86_64-fedora-clang 1.0 41.43 NOTE
r-devel-linux-x86_64-fedora-gcc 1.0 37.79 NOTE
r-devel-windows-ix86+x86_64 1.0 13.00 48.00 61.00 OK
r-patched-linux-x86_64 1.0 2.31 29.60 31.91 OK
r-patched-solaris-x86 1.0 54.60 NOTE
r-release-linux-x86_64 1.0 2.56 29.81 32.37 OK
r-release-windows-ix86+x86_64 1.0 6.00 49.00 55.00 OK
r-release-osx-x86_64 1.0 NOTE
r-oldrel-windows-ix86+x86_64 1.0 3.00 45.00 48.00 OK
r-oldrel-osx-x86_64 1.0 NOTE

Check Details

Version: 1.0
Check: dependencies in R code
Result: NOTE
    Namespace in Imports field not imported from: ‘htmltools’
     All declared Imports should be used.
Flavors: r-devel-linux-x86_64-fedora-clang, r-devel-linux-x86_64-fedora-gcc, r-patched-solaris-x86, r-release-osx-x86_64, r-oldrel-osx-x86_64