Last updated on 2023-02-07 00:54:30 CET.
Flavor | Version | Tinstall | Tcheck | Ttotal | Status | Flags |
---|---|---|---|---|---|---|
r-devel-linux-x86_64-debian-clang | 1.1.0 | 9.30 | 56.11 | 65.41 | OK | |
r-devel-linux-x86_64-debian-gcc | 1.1.0 | 6.39 | 41.20 | 47.59 | OK | |
r-devel-linux-x86_64-fedora-clang | 1.1.0 | 84.56 | NOTE | |||
r-devel-linux-x86_64-fedora-gcc | 1.1.0 | 76.49 | NOTE | |||
r-devel-windows-x86_64 | 1.1.0 | 101.00 | 84.00 | 185.00 | OK | |
r-patched-linux-x86_64 | 1.1.0 | 8.07 | 53.00 | 61.07 | OK | |
r-release-linux-x86_64 | 1.1.0 | 8.18 | 54.85 | 63.03 | OK | |
r-release-macos-arm64 | 1.1.0 | 25.00 | NOTE | |||
r-release-macos-x86_64 | 1.1.0 | 54.00 | NOTE | |||
r-release-windows-x86_64 | 1.1.0 | 55.00 | 92.00 | 147.00 | OK | |
r-oldrel-macos-arm64 | 1.1.0 | 31.00 | NOTE | |||
r-oldrel-macos-x86_64 | 1.1.0 | 47.00 | NOTE | |||
r-oldrel-windows-ix86+x86_64 | 1.1.0 | 19.00 | 80.00 | 99.00 | OK |
Version: 1.1.0
Check: dependencies in R code
Result: NOTE
Namespaces in Imports field not imported from:
‘R6’ ‘scales’ ‘websocket’
All declared Imports should be used.
Flavors: r-devel-linux-x86_64-fedora-clang, r-devel-linux-x86_64-fedora-gcc, r-release-macos-arm64, r-release-macos-x86_64, r-oldrel-macos-arm64, r-oldrel-macos-x86_64