Last updated on 2023-01-30 01:53:45 CET.
Flavor | Version | Tinstall | Tcheck | Ttotal | Status | Flags |
---|---|---|---|---|---|---|
r-devel-linux-x86_64-debian-clang | 0.1.0 | 19.67 | 166.00 | 185.67 | OK | |
r-devel-linux-x86_64-debian-gcc | 0.1.0 | 16.87 | 121.14 | 138.01 | OK | |
r-devel-linux-x86_64-fedora-clang | 0.1.0 | 227.98 | NOTE | |||
r-devel-linux-x86_64-fedora-gcc | 0.1.0 | 221.27 | OK | |||
r-devel-windows-x86_64 | 0.1.0 | 105.00 | 190.00 | 295.00 | OK | |
r-patched-linux-x86_64 | 0.1.0 | 16.34 | 161.30 | 177.64 | OK | |
r-release-linux-x86_64 | 0.1.0 | 14.15 | 161.99 | 176.14 | OK | |
r-release-macos-arm64 | 0.1.0 | 75.00 | OK | |||
r-release-macos-x86_64 | 0.1.0 | 108.00 | OK | |||
r-release-windows-x86_64 | 0.1.0 | 168.00 | 198.00 | 366.00 | OK | |
r-oldrel-macos-arm64 | 0.1.0 | 65.00 | OK | |||
r-oldrel-macos-x86_64 | 0.1.0 | 83.00 | OK | |||
r-oldrel-windows-ix86+x86_64 | 0.1.0 | 44.00 | 184.00 | 228.00 | OK |
Version: 0.1.0
Check: Rd cross-references
Result: NOTE
Undeclared package ‘finetune’ in Rd xrefs
Flavor: r-devel-linux-x86_64-fedora-clang