Last updated on 2023-11-29 07:52:25 CET.
Flavor | Version | Tinstall | Tcheck | Ttotal | Status | Flags |
---|---|---|---|---|---|---|
r-devel-linux-x86_64-debian-clang | 0.2.0 | 8.72 | 74.78 | 83.50 | NOTE | |
r-devel-linux-x86_64-debian-gcc | 0.2.0 | 5.82 | 54.90 | 60.72 | NOTE | |
r-devel-linux-x86_64-fedora-clang | 0.2.0 | 101.03 | NOTE | |||
r-devel-linux-x86_64-fedora-gcc | 0.2.0 | 107.00 | NOTE | |||
r-devel-windows-x86_64 | 0.2.0 | 8.00 | 80.00 | 88.00 | NOTE | |
r-patched-linux-x86_64 | 0.2.0 | 4.77 | 68.74 | 73.51 | NOTE | |
r-release-linux-x86_64 | 0.2.0 | 4.94 | 69.42 | 74.36 | NOTE | |
r-release-macos-arm64 | 0.2.0 | 34.00 | NOTE | |||
r-release-macos-x86_64 | 0.2.0 | 60.00 | NOTE | |||
r-release-windows-x86_64 | 0.2.0 | 11.00 | 94.00 | 105.00 | NOTE | |
r-oldrel-macos-arm64 | 0.2.0 | 33.00 | NOTE | |||
r-oldrel-macos-x86_64 | 0.2.0 | 64.00 | NOTE | |||
r-oldrel-windows-x86_64 | 0.2.0 | 13.00 | 95.00 | 108.00 | NOTE |
Version: 0.2.0
Check: LazyData
Result: NOTE
'LazyData' is specified without a 'data' directory
Flavors: r-devel-linux-x86_64-debian-clang, r-devel-linux-x86_64-debian-gcc, r-devel-linux-x86_64-fedora-clang, r-devel-linux-x86_64-fedora-gcc, r-devel-windows-x86_64, r-patched-linux-x86_64, r-release-linux-x86_64, r-release-macos-arm64, r-release-macos-x86_64, r-release-windows-x86_64, r-oldrel-macos-arm64, r-oldrel-macos-x86_64, r-oldrel-windows-x86_64
Version: 0.2.0
Check: dependencies in R code
Result: NOTE
Namespace in Imports field not imported from: ‘purrr’
All declared Imports should be used.
Flavors: r-devel-linux-x86_64-fedora-clang, r-devel-linux-x86_64-fedora-gcc, r-oldrel-macos-arm64, r-oldrel-macos-x86_64