CRAN Package Check Results for Package shinypivottabler

Last updated on 2024-05-22 06:56:54 CEST.

Flavor Version Tinstall Tcheck Ttotal Status Flags
r-devel-linux-x86_64-debian-clang 1.2 8.30 61.43 69.73 NOTE
r-devel-linux-x86_64-debian-gcc 1.2 6.82 44.58 51.40 NOTE
r-devel-linux-x86_64-fedora-clang 1.2 87.28 NOTE
r-devel-linux-x86_64-fedora-gcc 1.2 80.34 NOTE
r-devel-windows-x86_64 1.2 8.00 62.00 70.00 NOTE
r-patched-linux-x86_64 1.2 5.35 58.06 63.41 NOTE
r-release-linux-x86_64 1.2 4.82 58.22 63.04 NOTE
r-release-macos-arm64 1.2 28.00 NOTE
r-release-windows-x86_64 1.2 10.00 61.00 71.00 NOTE
r-oldrel-macos-arm64 1.2 23.00 OK
r-oldrel-macos-x86_64 1.2 42.00 OK
r-oldrel-windows-x86_64 1.2 9.00 74.00 83.00 OK

Check Details

Version: 1.2
Check: Rd files
Result: NOTE checkRd: (-1) shiny_pivot_table.Rd:58: Lost braces in \itemize; meant \describe ? checkRd: (-1) shiny_pivot_table.Rd:59: Lost braces in \itemize; meant \describe ? checkRd: (-1) shiny_pivot_table.Rd:60: Lost braces in \itemize; meant \describe ? checkRd: (-1) shiny_pivot_table.Rd:61: Lost braces in \itemize; meant \describe ? checkRd: (-1) shiny_pivot_table.Rd:62: Lost braces in \itemize; meant \describe ? checkRd: (-1) shiny_pivot_table.Rd:63: Lost braces in \itemize; meant \describe ? checkRd: (-1) shiny_pivot_table.Rd:64: Lost braces in \itemize; meant \describe ? Flavors: r-devel-linux-x86_64-debian-clang, r-devel-linux-x86_64-debian-gcc, r-devel-linux-x86_64-fedora-clang, r-devel-linux-x86_64-fedora-gcc, r-devel-windows-x86_64, r-patched-linux-x86_64, r-release-linux-x86_64, r-release-macos-arm64, r-release-windows-x86_64