CRAN Package Check Results for Package shipunov

Last updated on 2020-02-21 00:49:54 CET.

Flavor Version Tinstall Tcheck Ttotal Status Flags
r-devel-linux-x86_64-debian-clang 1.4 8.75 57.41 66.16 ERROR
r-devel-linux-x86_64-debian-gcc 1.4 7.62 55.34 62.96 OK
r-devel-linux-x86_64-fedora-clang 1.4 97.86 OK
r-devel-linux-x86_64-fedora-gcc 1.4 94.61 OK
r-devel-windows-ix86+x86_64 1.4 14.00 103.00 117.00 OK
r-devel-windows-ix86+x86_64-gcc8 1.4 20.00 103.00 123.00 OK
r-patched-linux-x86_64 1.4 7.83 66.64 74.47 OK
r-patched-solaris-x86 1.4 118.90 OK
r-release-linux-x86_64 1.4 7.42 67.20 74.62 OK
r-release-windows-ix86+x86_64 1.4 12.00 101.00 113.00 OK
r-release-osx-x86_64 1.4 OK
r-oldrel-windows-ix86+x86_64 1.4 10.00 81.00 91.00 OK
r-oldrel-osx-x86_64 1.4 OK

Check Details

Version: 1.4
Check: examples
Result: ERROR
    Running examples in 'shipunov-Ex.R' failed
    The error most likely occurred in:
    
    > base::assign(".ptime", proc.time(), pos = "CheckExEnv")
    > ### Name: Boxplots
    > ### Title: Grouped boxplots
    > ### Aliases: Boxplots
    > ### Keywords: Plots
    >
    > ### ** Examples
    >
    > Trees <- trees
    > Trees[, 4] <- sample(letters[1:3], nrow(Trees), replace=TRUE)
    > Boxplots(Trees[, 1:3], factor(Trees[, 4]), srt=0, adj=c(.5, 1)) # horizontal labels
    >
    > sp <- Recode(eq_s$N.POP, eq_l$N.POP, as.character(eq_l$SPECIES))
    > eq <- cbind(sp, eq_s[-1])
    > eq3 <- eq[eq$sp %in% levels(eq$sp)[1:3], ]
    > Boxplots(eq3[, 2:9], eq3[, 1], boxcols=grey(1:3/3), slty=0) # no border lines
    Error in Boxplots(eq3[, 2:9], eq3[, 1], boxcols = grey(1:3/3), slty = 0) :
     Grouping variable must be a factor
    Execution halted
Flavor: r-devel-linux-x86_64-debian-clang