CRAN Package Check Results for Package shortcuts

Last updated on 2021-12-06 00:48:42 CET.

Flavor Version Tinstall Tcheck Ttotal Status Flags
r-devel-linux-x86_64-debian-clang 1.4.0 1.78 28.61 30.39 NOTE
r-devel-linux-x86_64-debian-gcc 1.4.0 1.63 23.25 24.88 NOTE
r-devel-linux-x86_64-fedora-clang 1.4.0 38.42 NOTE
r-devel-linux-x86_64-fedora-gcc 1.4.0 28.19 NOTE
r-devel-windows-x86_64-new-UL 1.4.0 7.00 53.00 60.00 NOTE
r-devel-windows-x86_64-new-TK 1.4.0 NOTE
r-devel-windows-x86_64-old 1.4.0 4.00 28.00 32.00 NOTE
r-patched-linux-x86_64 1.4.0 2.37 19.58 21.95 NOTE
r-release-linux-x86_64 1.4.0 2.18 27.59 29.77 NOTE
r-release-macos-arm64 1.4.0 NOTE
r-release-macos-x86_64 1.4.0 NOTE
r-release-windows-ix86+x86_64 1.4.0 5.00 36.00 41.00 NOTE
r-oldrel-macos-x86_64 1.4.0 OK
r-oldrel-windows-ix86+x86_64 1.4.0 5.00 39.00 44.00 OK

Check Details

Version: 1.4.0
Check: LazyData
Result: NOTE
     'LazyData' is specified without a 'data' directory
Flavors: r-devel-linux-x86_64-debian-clang, r-devel-linux-x86_64-debian-gcc, r-devel-linux-x86_64-fedora-clang, r-devel-linux-x86_64-fedora-gcc, r-devel-windows-x86_64-new-UL, r-devel-windows-x86_64-new-TK, r-devel-windows-x86_64-old, r-patched-linux-x86_64, r-release-linux-x86_64, r-release-macos-arm64, r-release-macos-x86_64, r-release-windows-ix86+x86_64