Last updated on 2023-02-02 00:54:59 CET.
Flavor | Version | Tinstall | Tcheck | Ttotal | Status | Flags |
---|---|---|---|---|---|---|
r-devel-linux-x86_64-debian-clang | 1.0.0 | 2.07 | 23.00 | 25.07 | NOTE | |
r-devel-linux-x86_64-debian-gcc | 1.0.0 | 1.28 | 18.17 | 19.45 | NOTE | |
r-devel-linux-x86_64-fedora-clang | 1.0.0 | 32.08 | NOTE | |||
r-devel-linux-x86_64-fedora-gcc | 1.0.0 | 30.47 | NOTE | |||
r-patched-linux-x86_64 | 1.0.0 | 1.54 | 23.56 | 25.10 | NOTE | |
r-release-linux-x86_64 | 1.0.0 | 1.82 | 23.23 | 25.05 | NOTE | |
r-release-macos-arm64 | 1.0.0 | 14.00 | NOTE | |||
r-release-macos-x86_64 | 1.0.0 | 21.00 | NOTE | |||
r-release-windows-x86_64 | 1.0.0 | 11.00 | 55.00 | 66.00 | NOTE | |
r-oldrel-macos-arm64 | 1.0.0 | 24.00 | NOTE | |||
r-oldrel-macos-x86_64 | 1.0.0 | 28.00 | NOTE | |||
r-oldrel-windows-ix86+x86_64 | 1.0.0 | 5.00 | 48.00 | 53.00 | NOTE |
Version: 1.0.0
Check: LazyData
Result: NOTE
'LazyData' is specified without a 'data' directory
Flavors: r-devel-linux-x86_64-debian-clang, r-devel-linux-x86_64-debian-gcc, r-devel-linux-x86_64-fedora-clang, r-devel-linux-x86_64-fedora-gcc, r-patched-linux-x86_64, r-release-linux-x86_64, r-release-macos-arm64, r-release-macos-x86_64, r-release-windows-x86_64, r-oldrel-macos-arm64, r-oldrel-macos-x86_64, r-oldrel-windows-ix86+x86_64