Last updated on 2023-11-29 07:52:25 CET.
Flavor | Version | Tinstall | Tcheck | Ttotal | Status | Flags |
---|---|---|---|---|---|---|
r-devel-linux-x86_64-debian-clang | 2.1.1 | 201.11 | 68.07 | 269.18 | OK | |
r-devel-linux-x86_64-debian-gcc | 2.1.1 | 150.81 | 51.75 | 202.56 | OK | |
r-devel-linux-x86_64-fedora-clang | 2.1.1 | 448.76 | OK | |||
r-devel-linux-x86_64-fedora-gcc | 2.1.1 | 476.69 | OK | |||
r-devel-windows-x86_64 | 2.1.1 | 165.00 | 115.00 | 280.00 | OK | |
r-patched-linux-x86_64 | 2.0.6 | 175.38 | 64.72 | 240.10 | NOTE | |
r-release-linux-x86_64 | 2.1.1 | 183.13 | 65.18 | 248.31 | OK | |
r-release-macos-arm64 | 2.1.1 | 97.00 | NOTE | |||
r-release-macos-x86_64 | 2.1.1 | 260.00 | NOTE | |||
r-release-windows-x86_64 | 2.1.1 | 229.00 | 124.00 | 353.00 | OK | |
r-oldrel-macos-arm64 | 2.1.1 | 89.00 | NOTE | |||
r-oldrel-macos-x86_64 | 2.0.6 | 111.00 | NOTE | |||
r-oldrel-windows-x86_64 | 2.1.1 | 216.00 | 119.00 | 335.00 | OK |
Version: 2.0.6
Check: C++ specification
Result: NOTE
Specified C++11: please drop specification unless essential
Flavor: r-patched-linux-x86_64
Version: 2.1.1
Check: installed package size
Result: NOTE
installed size is 8.2Mb
sub-directories of 1Mb or more:
libs 7.3Mb
Flavors: r-release-macos-arm64, r-release-macos-x86_64, r-oldrel-macos-arm64
Version: 2.0.6
Check: installed package size
Result: NOTE
installed size is 8.4Mb
sub-directories of 1Mb or more:
libs 7.5Mb
Flavor: r-oldrel-macos-x86_64