CRAN Package Check Results for Package siconfir

Last updated on 2022-07-05 01:52:22 CEST.

Flavor Version Tinstall Tcheck Ttotal Status Flags
r-devel-linux-x86_64-debian-clang 1.0.5 5.66 50.31 55.97 OK
r-devel-linux-x86_64-debian-gcc 1.0.5 4.15 37.76 41.91 OK
r-devel-linux-x86_64-fedora-clang 1.0.5 75.35 NOTE
r-devel-linux-x86_64-fedora-gcc 1.0.5 75.19 NOTE
r-devel-windows-x86_64 1.0.5 13.00 72.00 85.00 OK
r-patched-linux-x86_64 1.0.5 3.73 47.63 51.36 OK
r-release-linux-x86_64 1.0.5 3.37 46.87 50.24 OK
r-release-macos-arm64 1.0.5 22.00 NOTE
r-release-macos-x86_64 1.0.5 39.00 NOTE
r-release-windows-x86_64 1.0.5 18.00 73.00 91.00 OK
r-oldrel-macos-arm64 1.0.5 25.00 NOTE
r-oldrel-macos-x86_64 1.0.5 44.00 NOTE
r-oldrel-windows-ix86+x86_64 1.0.5 14.00 68.00 82.00 OK

Check Details

Version: 1.0.5
Check: data for non-ASCII characters
Result: NOTE
     Note: found 2397 marked UTF-8 strings
Flavors: r-devel-linux-x86_64-fedora-clang, r-devel-linux-x86_64-fedora-gcc, r-release-macos-arm64, r-release-macos-x86_64, r-oldrel-macos-arm64, r-oldrel-macos-x86_64