CRAN Package Check Results for Package sidier

Last updated on 2021-03-07 00:49:03 CET.

Flavor Version Tinstall Tcheck Ttotal Status Flags
r-devel-linux-x86_64-debian-clang 4.0.3 12.67 112.58 125.25 NOTE
r-devel-linux-x86_64-debian-gcc 4.0.3 9.28 81.36 90.64 NOTE
r-devel-linux-x86_64-fedora-clang 4.0.3 157.24 NOTE
r-devel-linux-x86_64-fedora-gcc 4.0.3 144.19 NOTE
r-devel-windows-ix86+x86_64 4.0.3 26.00 120.00 146.00 OK
r-patched-linux-x86_64 4.0.3 12.02 105.98 118.00 NOTE
r-patched-solaris-x86 4.0.3 200.60 NOTE
r-release-linux-x86_64 4.0.3 12.65 105.67 118.32 NOTE
r-release-macos-x86_64 4.0.3 OK
r-release-windows-ix86+x86_64 4.0.3 23.00 106.00 129.00 OK
r-oldrel-macos-x86_64 4.0.3 OK
r-oldrel-windows-ix86+x86_64 4.0.3 16.00 93.00 109.00 OK

Check Details

Version: 4.0.3
Check: for non-standard things in the check directory
Result: NOTE
    Found the following files/directories:
     '3_FindHaplo_Example2_modified.txt'
     '4_Example3_HapPerPop_Weighted.txt'
     '4_Example3_IndelDistanceMatrixMullerMod.txt'
     '4_FindHaplo_Example2_modified.txt' 'FindHaplo.txt'
     'Haplotypes_DefaultNames.txt' 'Haplotypes_sequentialNames.txt'
     'Interaction.txt' 'Modules_summary.txt'
     'NINA.ThresholdEstimation.txt' 'NINA_Network.pdf' 'Network.pdf'
     'PercThr Estimation.pdf' 'PercThresholdEstimation.txt'
     'PercolatedNetwork.pdf' 'PopulationDistances.r.txt' 'Weighted.txt'
     'ex1.fas' 'ex2.2.fas' 'ex2.fas' 'ex2_unique.fas' 'ex3.fas'
     'simulated_sequences_rep1.fas' 'simulated_sequences_rep2.fas'
     'simulated_sequences_tips_rep1.fas'
     'simulated_sequences_tips_rep2.fas'
Flavors: r-devel-linux-x86_64-debian-clang, r-devel-linux-x86_64-debian-gcc, r-devel-linux-x86_64-fedora-clang, r-devel-linux-x86_64-fedora-gcc, r-patched-linux-x86_64, r-patched-solaris-x86, r-release-linux-x86_64