CRAN Package Check Results for Package siebanxicor

Last updated on 2022-07-02 01:49:07 CEST.

Flavor Version Tinstall Tcheck Ttotal Status Flags
r-devel-linux-x86_64-debian-clang 1.0.0 1.94 22.63 24.57 NOTE
r-devel-linux-x86_64-debian-gcc 1.0.0 1.87 17.85 19.72 NOTE
r-devel-linux-x86_64-fedora-clang 1.0.0 41.49 NOTE
r-devel-linux-x86_64-fedora-gcc 1.0.0 40.82 NOTE
r-devel-windows-x86_64 1.0.0 24.00 56.00 80.00 NOTE
r-patched-linux-x86_64 1.0.0 2.24 21.82 24.06 NOTE
r-release-linux-x86_64 1.0.0 1.86 21.94 23.80 NOTE
r-release-macos-arm64 1.0.0 15.00 NOTE
r-release-macos-x86_64 1.0.0 21.00 NOTE
r-release-windows-x86_64 1.0.0 18.00 54.00 72.00 NOTE
r-oldrel-macos-arm64 1.0.0 18.00 NOTE
r-oldrel-macos-x86_64 1.0.0 28.00 NOTE
r-oldrel-windows-ix86+x86_64 1.0.0 5.00 42.00 47.00 NOTE

Check Details

Version: 1.0.0
Check: LazyData
Result: NOTE
     'LazyData' is specified without a 'data' directory
Flavors: r-devel-linux-x86_64-debian-clang, r-devel-linux-x86_64-debian-gcc, r-devel-linux-x86_64-fedora-clang, r-devel-linux-x86_64-fedora-gcc, r-devel-windows-x86_64, r-patched-linux-x86_64, r-release-linux-x86_64, r-release-macos-arm64, r-release-macos-x86_64, r-release-windows-x86_64, r-oldrel-macos-arm64, r-oldrel-macos-x86_64, r-oldrel-windows-ix86+x86_64