CRAN Package Check Results for Package sift

Last updated on 2021-12-06 00:48:42 CET.

Flavor Version Tinstall Tcheck Ttotal Status Flags
r-devel-linux-x86_64-debian-clang 0.1.0 9.19 67.17 76.36 OK
r-devel-linux-x86_64-debian-gcc 0.1.0 6.89 52.66 59.55 OK
r-devel-linux-x86_64-fedora-clang 0.1.0 94.36 NOTE
r-devel-linux-x86_64-fedora-gcc 0.1.0 80.81 NOTE
r-devel-windows-x86_64-new-UL 0.1.0 22.00 108.00 130.00 OK
r-devel-windows-x86_64-new-TK 0.1.0 NOTE
r-devel-windows-x86_64-old 0.1.0 15.00 64.00 79.00 OK
r-patched-linux-x86_64 0.1.0 8.26 54.10 62.36 OK
r-release-linux-x86_64 0.1.0 7.91 62.79 70.70 OK
r-release-macos-arm64 0.1.0 NOTE
r-release-macos-x86_64 0.1.0 NOTE
r-release-windows-ix86+x86_64 0.1.0 24.00 102.00 126.00 OK
r-oldrel-macos-x86_64 0.1.0 NOTE
r-oldrel-windows-ix86+x86_64 0.1.0 25.00 107.00 132.00 OK

Check Details

Version: 0.1.0
Check: data for non-ASCII characters
Result: NOTE
     Note: found 1231 marked UTF-8 strings
Flavors: r-devel-linux-x86_64-fedora-clang, r-devel-linux-x86_64-fedora-gcc, r-devel-windows-x86_64-new-TK, r-release-macos-arm64, r-release-macos-x86_64, r-oldrel-macos-x86_64