Last updated on 2021-04-20 01:47:20 CEST.
Flavor | Version | Tinstall | Tcheck | Ttotal | Status | Flags |
---|---|---|---|---|---|---|
r-devel-linux-x86_64-debian-clang | 0.1.22 | 7.21 | 56.70 | 63.91 | OK | |
r-devel-linux-x86_64-debian-gcc | 0.1.22 | 5.07 | 43.60 | 48.67 | OK | |
r-devel-linux-x86_64-fedora-clang | 0.1.22 | 85.44 | NOTE | |||
r-devel-linux-x86_64-fedora-gcc | 0.1.22 | 74.68 | NOTE | |||
r-devel-windows-ix86+x86_64 | 0.1.22 | 9.00 | 55.00 | 64.00 | OK | |
r-devel-windows-x86_64-gcc10-UCRT | 0.1.22 | NOTE | ||||
r-patched-linux-x86_64 | 0.1.22 | 5.07 | 49.24 | 54.31 | OK | |
r-patched-solaris-x86 | 0.1.22 | 97.40 | NOTE | |||
r-release-linux-x86_64 | 0.1.22 | 5.29 | 48.45 | 53.74 | OK | |
r-release-macos-x86_64 | 0.1.22 | ERROR | ||||
r-release-windows-ix86+x86_64 | 0.1.22 | 13.00 | 81.00 | 94.00 | OK | |
r-oldrel-macos-x86_64 | 0.1.22 | NOTE | ||||
r-oldrel-windows-ix86+x86_64 | 0.1.22 | 10.00 | 58.00 | 68.00 | OK |
Version: 0.1.22
Check: dependencies in R code
Result: NOTE
Namespaces in Imports field not imported from:
‘KernSmooth’ ‘MASS’ ‘class’ ‘cluster’ ‘lattice’ ‘nnet’
All declared Imports should be used.
Flavors: r-devel-linux-x86_64-fedora-clang, r-devel-linux-x86_64-fedora-gcc, r-devel-windows-x86_64-gcc10-UCRT, r-patched-solaris-x86, r-oldrel-macos-x86_64
Version: 0.1.22
Check: package dependencies
Result: ERROR
Package required but not available: ‘RankProd’
See section ‘The DESCRIPTION file’ in the ‘Writing R Extensions’
manual.
Flavor: r-release-macos-x86_64