CRAN Package Check Results for Package sigminer

Last updated on 2021-12-08 01:51:57 CET.

Flavor Version Tinstall Tcheck Ttotal Status Flags
r-devel-linux-x86_64-debian-clang 2.1.1 42.53 267.52 310.05 OK
r-devel-linux-x86_64-debian-gcc 2.1.1 34.46 194.87 229.33 OK
r-devel-linux-x86_64-fedora-clang 2.1.1 380.40 OK
r-devel-linux-x86_64-fedora-gcc 2.1.1 358.89 OK
r-devel-windows-x86_64-new-UL 2.1.1 85.00 567.00 652.00 OK
r-devel-windows-x86_64-new-TK 2.1.1 OK
r-devel-windows-x86_64-old 2.1.1 71.00 231.00 302.00 OK
r-patched-linux-x86_64 2.1.1 44.92 247.02 291.94 OK
r-release-linux-x86_64 2.1.1 39.57 249.37 288.94 OK
r-release-macos-arm64 2.1.1 NOTE
r-release-macos-x86_64 2.1.1 OK
r-release-windows-ix86+x86_64 2.1.1 76.00 435.00 511.00 NOTE
r-oldrel-macos-x86_64 2.1.1 ERROR
r-oldrel-windows-ix86+x86_64 2.1.1 107.00 448.00 555.00 NOTE

Check Details

Version: 2.1.1
Check: package dependencies
Result: NOTE
    Package suggested but not available for checking: ‘copynumber’
Flavor: r-release-macos-arm64

Version: 2.1.1
Check: installed package size
Result: NOTE
     installed size is 5.6Mb
     sub-directories of 1Mb or more:
     libs 2.0Mb
Flavors: r-release-windows-ix86+x86_64, r-oldrel-windows-ix86+x86_64

Version: 2.1.1
Check: package dependencies
Result: ERROR
    Package required but not available: ‘maftools’
    
    Package suggested but not available for checking: ‘copynumber’
    
    See section ‘The DESCRIPTION file’ in the ‘Writing R Extensions’
    manual.
Flavor: r-oldrel-macos-x86_64