CRAN Package Check Results for Package sigminer

Last updated on 2022-07-03 01:49:05 CEST.

Flavor Version Tinstall Tcheck Ttotal Status Flags
r-devel-linux-x86_64-debian-clang 2.1.5 51.69 296.26 347.95 OK
r-devel-linux-x86_64-debian-gcc 2.1.5 41.99 211.35 253.34 OK
r-devel-linux-x86_64-fedora-clang 2.1.5 429.76 OK
r-devel-linux-x86_64-fedora-gcc 2.1.5 432.00 OK
r-devel-windows-x86_64 2.1.5 75.00 250.00 325.00 OK
r-patched-linux-x86_64 2.1.5 50.02 273.91 323.93 OK
r-release-linux-x86_64 2.1.4 42.77 263.39 306.16 OK
r-release-macos-arm64 2.1.5 101.00 NOTE
r-release-macos-x86_64 2.1.5 149.00 NOTE
r-release-windows-x86_64 2.1.4 124.00 370.00 494.00 OK
r-oldrel-macos-arm64 2.1.5 101.00 NOTE
r-oldrel-macos-x86_64 2.1.5 145.00 OK
r-oldrel-windows-ix86+x86_64 2.1.4 109.00 451.00 560.00 NOTE

Check Details

Version: 2.1.5
Check: package dependencies
Result: NOTE
    Packages suggested but not available for checking:
     'BSgenome.Hsapiens.UCSC.hg19', 'copynumber'
Flavor: r-release-macos-arm64

Version: 2.1.5
Check: package dependencies
Result: NOTE
    Package suggested but not available for checking: ‘BSgenome.Hsapiens.UCSC.hg19’
Flavor: r-release-macos-x86_64

Version: 2.1.5
Check: package dependencies
Result: NOTE
    Package suggested but not available for checking: ‘copynumber’
Flavor: r-oldrel-macos-arm64

Version: 2.1.4
Check: installed package size
Result: NOTE
     installed size is 5.2Mb
     sub-directories of 1Mb or more:
     libs 2.0Mb
Flavor: r-oldrel-windows-ix86+x86_64