CRAN Package Check Results for Package siland

Last updated on 2020-02-29 01:51:21 CET.

Flavor Version Tinstall Tcheck Ttotal Status Flags
r-devel-linux-x86_64-debian-clang 1.4.6 19.23 151.56 170.79 OK
r-devel-linux-x86_64-debian-gcc 1.4.6 15.84 115.37 131.21 OK
r-devel-linux-x86_64-fedora-clang 1.4.6 214.73 WARN
r-devel-linux-x86_64-fedora-gcc 1.4.6 203.26 WARN
r-devel-windows-ix86+x86_64 1.4.6 49.00 193.00 242.00 OK
r-devel-windows-ix86+x86_64-gcc8 1.4.6 36.00 156.00 192.00 OK
r-patched-linux-x86_64 1.4.6 17.33 131.24 148.57 OK
r-patched-solaris-x86 1.4.6 280.60 OK
r-release-linux-x86_64 1.4.6 16.02 131.74 147.76 OK
r-release-windows-ix86+x86_64 1.4.6 36.00 199.00 235.00 OK
r-release-osx-x86_64 1.4.6 OK
r-oldrel-windows-ix86+x86_64 1.4.6 21.00 137.00 158.00 OK
r-oldrel-osx-x86_64 1.4.6 OK

Check Details

Version: 1.4.6
Check: whether package can be installed
Result: WARN
    Found the following significant warnings:
     Warning: namespace ‘rgdal’ is not available and has been replaced
Flavors: r-devel-linux-x86_64-fedora-clang, r-devel-linux-x86_64-fedora-gcc